{"id":2,"date":"2011-03-07T17:24:01","date_gmt":"2011-03-07T17:24:01","guid":{"rendered":"http:\/\/tyrving.idrett.no\/10\/hovedstyret\/?page_id=2"},"modified":"2024-11-14T09:52:21","modified_gmt":"2024-11-14T08:52:21","slug":"om","status":"publish","type":"page","link":"http:\/\/tyrving.idrett.no\/10\/hovedstyret\/om\/","title":{"rendered":"Om Tyrving  IL"},"content":{"rendered":"<p>Tyrving Idrettslag&#8217;s samfunnsoppdrag og visjon er \u00e5 skape idrettsglede og fremme sportslige resultater ved \u00e5 v\u00e6re en ledende bredde- og toppidrettsklubb i friidrett og orientering, lokalt, regionalt, nasjonalt og internasjonalt til beste for v\u00e5re medlemmer og storsamfunnet.<\/p>\n<p>Lover for Tyrving IL kan lastes ned ved \u00e5 klikke p\u00e5: <a href=\"http:\/\/tyrving.idrett.no\/10\/hovedstyret\/files\/2024\/11\/Lov-for-Tyrving-pr.-26.02.2024.pdf\">Lov for Tyrving &#8211; pr. 26.02.2024<\/a> Lovene ble sist oppdatert 26.02.2024.<\/p>\n<p>&nbsp;<\/p>\n","protected":false},"excerpt":{"rendered":"<p>&#8230;<\/p>\n","protected":false},"author":5,"featured_media":0,"parent":0,"menu_order":0,"comment_status":"open","ping_status":"open","template":"","meta":{"generate_page_header":"","footnotes":""},"_links":{"self":[{"href":"http:\/\/tyrving.idrett.no\/10\/hovedstyret\/wp-json\/wp\/v2\/pages\/2"}],"collection":[{"href":"http:\/\/tyrving.idrett.no\/10\/hovedstyret\/wp-json\/wp\/v2\/pages"}],"about":[{"href":"http:\/\/tyrving.idrett.no\/10\/hovedstyret\/wp-json\/wp\/v2\/types\/page"}],"author":[{"embeddable":true,"href":"http:\/\/tyrving.idrett.no\/10\/hovedstyret\/wp-json\/wp\/v2\/users\/5"}],"replies":[{"embeddable":true,"href":"http:\/\/tyrving.idrett.no\/10\/hovedstyret\/wp-json\/wp\/v2\/comments?post=2"}],"version-history":[{"count":14,"href":"http:\/\/tyrving.idrett.no\/10\/hovedstyret\/wp-json\/wp\/v2\/pages\/2\/revisions"}],"predecessor-version":[{"id":998,"href":"http:\/\/tyrving.idrett.no\/10\/hovedstyret\/wp-json\/wp\/v2\/pages\/2\/revisions\/998"}],"wp:attachment":[{"href":"http:\/\/tyrving.idrett.no\/10\/hovedstyret\/wp-json\/wp\/v2\/media?parent=2"}],"curies":[{"name":"wp","href":"https:\/\/api.w.org\/{rel}","templated":true}]}}