{"id":21821,"date":"2021-11-11T11:02:57","date_gmt":"2021-11-11T10:02:57","guid":{"rendered":"https:\/\/tyrving.idrett.no\/10\/f\/?page_id=21821"},"modified":"2025-02-27T09:09:18","modified_gmt":"2025-02-27T08:09:18","slug":"craft-tyrvingstafetten","status":"publish","type":"page","link":"https:\/\/tyrving.idrett.no\/10\/f\/craft-tyrvingstafetten\/","title":{"rendered":"Craft Tyrvingstafetten"},"content":{"rendered":"<h1 style=\"text-align: center\">Craft Tyrvingstafetten 27. april<\/h1>\n<p><img decoding=\"async\" title=\"budstikka tyrvingstatten\" src=\"https:\/\/tyrving.idrett.no\/10\/f\/files\/elementor\/thumbs\/budstikka-tyrvingstatten-o5x7d6damvn9z77pj4v6l45o2vr0a6g8c13vad0ink.jpg\" alt=\"budstikka tyrvingstatten\" \/><\/p>\n<p>&nbsp;<\/p>\n<p><strong><a href=\"https:\/\/tyrving.idrett.no\/10\/f\/craft-tyrvingstafetten\/resultater-craft-tyrvingstafetten-2023\/\" rel=\"attachment wp-att-24542\">Resultater<\/a> fra 2023<\/strong><\/p>\n<p><strong><a href=\"https:\/\/tyrving.idrett.no\/10\/f\/craft-tyrvingstafetten\/etappetider-ts-2023-2\/\" rel=\"attachment wp-att-24548\">Etappetider<\/a> fra 2023<\/strong><\/p>\n<p><strong>S\u00f8ndag 27. april 2025 er Craft Tyrvingstafetten tilbake igjen. <\/strong><\/p>\n<p><strong>N\u00e5 er det omr\u00e5det rundt friidrettsstadion p\u00e5 B\u00e6rum Idrettspark, Rud som vil v\u00e6re arena for \u00e5rets og fremtidige Tyrvingstafetter.\u00a0 F\u00f8rste start er kl. 1300.\u00a0\u00a0<\/strong><\/p>\n<p>Start og m\u00e5l er p\u00e5 friidrettsbanen p\u00e5 B\u00e6rum Idrettspark.\u00a0 L\u00f8ypa ellers g\u00e5r p\u00e5 asfalt p\u00e5 rulleskibanen p\u00e5 Rud med utsikt fra stadion.\u00a0 Hvem setter nye l\u00f8yperekorder?<\/p>\n<p><b>Klasser og etappefordelig:<\/b><\/p>\n<p>Jenter og gutter 10-14\u00e5r\u00a0 \u00a0 \u00a0 \u00a0 \u00a0 \u00a0 \u00a0 \u00a0 \u00a0 \u00a0 \u00a0 Jenter og gutter 15-19 \u00e5r\u00a0 \u00a0 \u00a0 \u00a0 \u00a0 \u00a0 \u00a0 \u00a0 \u00a0 \u00a0 Kvinner og menn senior<\/p>\n<p>(maxalder 63)\u00a0 \u00a0 \u00a0 \u00a0 \u00a0 \u00a0 \u00a0 \u00a0 \u00a0 \u00a0 \u00a0 \u00a0 \u00a0 \u00a0 \u00a0 \u00a0 \u00a0 \u00a0 \u00a0 \u00a0 \u00a0 (maxalder 85)\u00a0 \u00a0 \u00a0 \u00a0 \u00a0 \u00a0 \u00a0 \u00a0 \u00a0 \u00a0 \u00a0 \u00a0 \u00a0 \u00a0 \u00a0 \u00a0 \u00a0 \u00a0\u00a0(fra 15 \u00e5r)<\/p>\n<p>1. etappe\u00a0 \u00a0 \u00a0 \u00a0 \u00a0 310m\u00a0 \u00a0 \u00a0 \u00a0 \u00a0 \u00a0 \u00a0 \u00a0 \u00a0 \u00a0 \u00a0 \u00a0 \u00a0 \u00a0 \u00a0 \u00a0 \u00a0 \u00a0 \u00a0 \u00a0 \u00a0 \u00a0 \u00a0 \u00a0 \u00a0 \u00a0 \u00a0 600m\u00a0 \u00a0 \u00a0 \u00a0 \u00a0 \u00a0 \u00a0 \u00a0 \u00a0 \u00a0 \u00a0 \u00a0 \u00a0 \u00a0 \u00a0 \u00a0 \u00a0 \u00a0 \u00a0 \u00a0 \u00a0 \u00a0 \u00a0 \u00a0 600m<br \/>\n2. etappe\u00a0 \u00a0 \u00a0 \u00a0 \u00a0400m\u00a0 \u00a0 \u00a0 \u00a0 \u00a0 \u00a0 \u00a0 \u00a0 \u00a0 \u00a0 \u00a0 \u00a0 \u00a0 \u00a0 \u00a0 \u00a0 \u00a0 \u00a0 \u00a0 \u00a0 \u00a0 \u00a0 \u00a0 \u00a0 \u00a0 \u00a0 270m\u00a0 \u00a0 \u00a0 \u00a0 \u00a0 \u00a0 \u00a0 \u00a0 \u00a0 \u00a0 \u00a0 \u00a0 \u00a0 \u00a0 \u00a0 \u00a0 \u00a0 \u00a0 \u00a0 \u00a0 \u00a0 \u00a0 \u00a0 \u00a0 \u00a0 270m<br \/>\n3. etappe\u00a0 \u00a0 \u00a0 \u00a0 \u00a0270m\u00a0 \u00a0 \u00a0 \u00a0 \u00a0 \u00a0 \u00a0 \u00a0 \u00a0 \u00a0 \u00a0 \u00a0 \u00a0 \u00a0 \u00a0 \u00a0 \u00a0 \u00a0 \u00a0 \u00a0 \u00a0 \u00a0 \u00a0 \u00a0 \u00a0 \u00a0 780m\u00a0 \u00a0 \u00a0 \u00a0 \u00a0 \u00a0 \u00a0 \u00a0 \u00a0 \u00a0 \u00a0 \u00a0 \u00a0 \u00a0 \u00a0 \u00a0 \u00a0 \u00a0 \u00a0 \u00a0 \u00a0 \u00a0 \u00a0 \u00a0 \u00a0 780m<br \/>\n4. etappe\u00a0 \u00a0 \u00a0 \u00a0 \u00a0390m\u00a0 \u00a0 \u00a0 \u00a0 \u00a0 \u00a0 \u00a0 \u00a0 \u00a0 \u00a0 \u00a0 \u00a0 \u00a0 \u00a0 \u00a0 \u00a0 \u00a0 \u00a0 \u00a0 \u00a0 \u00a0 \u00a0 \u00a0 \u00a0 \u00a0 \u00a0 \u00a0650m\u00a0 \u00a0 \u00a0 \u00a0 \u00a0 \u00a0 \u00a0 \u00a0 \u00a0 \u00a0 \u00a0 \u00a0 \u00a0 \u00a0 \u00a0 \u00a0 \u00a0 \u00a0 \u00a0 \u00a0 \u00a0 \u00a0 \u00a0 \u00a0 \u00a0650m<br \/>\n5. etappe\u00a0 \u00a0 \u00a0 \u00a0 \u00a0500m\u00a0 \u00a0 \u00a0 \u00a0 \u00a0 \u00a0 \u00a0 \u00a0 \u00a0 \u00a0 \u00a0 \u00a0 \u00a0 \u00a0 \u00a0 \u00a0 \u00a0 \u00a0 \u00a0 \u00a0 \u00a0 \u00a0 \u00a0 \u00a0 \u00a0 \u00a0500m\u00a0 \u00a0 \u00a0 \u00a0 \u00a0 \u00a0 \u00a0 \u00a0 \u00a0 \u00a0 \u00a0 \u00a0 \u00a0 \u00a0 \u00a0 \u00a0 \u00a0 \u00a0 \u00a0 \u00a0 \u00a0 \u00a0 \u00a0 \u00a0 \u00a0 \u00a0 500m<\/p>\n<p><strong><a href=\"https:\/\/tyrving.idrett.no\/10\/f\/files\/2023\/03\/Loypekart-10-14-ar.pdf\">L\u00f8ypekart 10-14 \u00e5r<\/a><\/strong><\/p>\n<p><strong><a href=\"https:\/\/tyrving.idrett.no\/10\/f\/files\/2023\/03\/Loypekart-15-ar-og-eldre.pdf\">L\u00f8ypekart 15 \u00e5r og eldre<\/a><\/strong><\/p>\n<p><strong>P\u00e5melding:<\/strong> info kommer<\/p>\n<p><strong>Startkontingent:<\/strong> kr 750 pr. lag betales til Tyrvings konto 9235.17.25747.<\/p>\n<p><strong>Premiering:<\/strong> Lagpremie til 1,2 og 3. plass i hver klasse. Deltakerpremie til alle 10-14 \u00e5r.<\/p>\n<p><strong>Parkering:<\/strong> B\u00e6rum Idrettspark.<\/p>\n<p><strong>Kollektiv:<\/strong> Hauger T-bane (700m) eller Hauger busstopp (400m).<\/p>\n<p><strong>Informasjon:<\/strong> F\u00f8lg med p\u00e5 <a href=\"https:\/\/tyrving.idrett.no\/10\/f\/\">Tyrvings hjemmeside<\/a> eller send en mail til: <a href=\"mailto:friidrett@tyrving.no\">friidrett@tyrving.no<\/a><\/p>\n<p><strong>Det vil ogs\u00e5 bli arrangert et eget barnel\u00f8p for barn t.o.m. 9\u00e5r med medalje til alle.\u00a0 P\u00e5melding ved start.\u00a0 Barnel\u00f8pet starter kl. 1230.\u00a0 Ca. 300m.\u00a0 Kr 50 pr. start.<\/strong><\/p>\n<p>&nbsp;<\/p>\n<p>&nbsp;<\/p>\n","protected":false},"excerpt":{"rendered":"Craft Tyrvingstafetten 27. april &nbsp; Resultater fra 2023 Etappetider fra 2023 S\u00f8ndag 27. april 2025 er Craft Tyrvingstafetten tilbake igjen. N\u00e5 er det omr\u00e5det rundt friidrettsstadion p\u00e5 B\u00e6rum Idret&#8230;","protected":false},"author":2,"featured_media":0,"parent":0,"menu_order":0,"comment_status":"closed","ping_status":"closed","template":"","meta":{"footnotes":""},"categories":[],"tags":[],"acf":[],"yoast_head":"<!-- This site is optimized with the Yoast SEO plugin v21.2 - https:\/\/yoast.com\/wordpress\/plugins\/seo\/ -->\n<title>Craft Tyrvingstafetten - Tyrving - Friidrett<\/title>\n<meta name=\"robots\" content=\"index, follow, max-snippet:-1, max-image-preview:large, max-video-preview:-1\" \/>\n<link rel=\"canonical\" href=\"https:\/\/tyrving.idrett.no\/10\/f\/craft-tyrvingstafetten\/\" \/>\n<meta property=\"og:locale\" content=\"nb_NO\" \/>\n<meta property=\"og:type\" content=\"article\" \/>\n<meta property=\"og:title\" content=\"Craft Tyrvingstafetten - Tyrving - Friidrett\" \/>\n<meta property=\"og:description\" content=\"Craft Tyrvingstafetten 27. april &nbsp; Resultater fra 2023 Etappetider fra 2023 S\u00f8ndag 27. april 2025 er Craft Tyrvingstafetten tilbake igjen. N\u00e5 er det omr\u00e5det rundt friidrettsstadion p\u00e5 B\u00e6rum Idret...\" \/>\n<meta property=\"og:url\" content=\"https:\/\/tyrving.idrett.no\/10\/f\/craft-tyrvingstafetten\/\" \/>\n<meta property=\"og:site_name\" content=\"Tyrving - Friidrett\" \/>\n<meta property=\"article:modified_time\" content=\"2025-02-27T08:09:18+00:00\" \/>\n<meta property=\"og:image\" content=\"https:\/\/tyrving.idrett.no\/10\/f\/files\/elementor\/thumbs\/budstikka-tyrvingstatten-o5x7d6damvn9z77pj4v6l45o2vr0a6g8c13vad0ink.jpg\" \/>\n<meta name=\"twitter:card\" content=\"summary_large_image\" \/>\n<meta name=\"twitter:label1\" content=\"Ansl. lesetid\" \/>\n\t<meta name=\"twitter:data1\" content=\"2 minutter\" \/>\n<script type=\"application\/ld+json\" class=\"yoast-schema-graph\">{\"@context\":\"https:\/\/schema.org\",\"@graph\":[{\"@type\":\"WebPage\",\"@id\":\"https:\/\/tyrving.idrett.no\/10\/f\/craft-tyrvingstafetten\/\",\"url\":\"https:\/\/tyrving.idrett.no\/10\/f\/craft-tyrvingstafetten\/\",\"name\":\"Craft Tyrvingstafetten - Tyrving - Friidrett\",\"isPartOf\":{\"@id\":\"https:\/\/tyrving.idrett.no\/10\/f\/#website\"},\"datePublished\":\"2021-11-11T10:02:57+00:00\",\"dateModified\":\"2025-02-27T08:09:18+00:00\",\"breadcrumb\":{\"@id\":\"https:\/\/tyrving.idrett.no\/10\/f\/craft-tyrvingstafetten\/#breadcrumb\"},\"inLanguage\":\"nb-NO\",\"potentialAction\":[{\"@type\":\"ReadAction\",\"target\":[\"https:\/\/tyrving.idrett.no\/10\/f\/craft-tyrvingstafetten\/\"]}]},{\"@type\":\"BreadcrumbList\",\"@id\":\"https:\/\/tyrving.idrett.no\/10\/f\/craft-tyrvingstafetten\/#breadcrumb\",\"itemListElement\":[{\"@type\":\"ListItem\",\"position\":1,\"name\":\"Hjem\",\"item\":\"https:\/\/tyrving.idrett.no\/10\/f\/\"},{\"@type\":\"ListItem\",\"position\":2,\"name\":\"Craft Tyrvingstafetten\"}]},{\"@type\":\"WebSite\",\"@id\":\"https:\/\/tyrving.idrett.no\/10\/f\/#website\",\"url\":\"https:\/\/tyrving.idrett.no\/10\/f\/\",\"name\":\"Tyrving - Friidrett\",\"description\":\"Friidrettsgruppa\",\"publisher\":{\"@id\":\"https:\/\/tyrving.idrett.no\/10\/f\/#organization\"},\"potentialAction\":[{\"@type\":\"SearchAction\",\"target\":{\"@type\":\"EntryPoint\",\"urlTemplate\":\"https:\/\/tyrving.idrett.no\/10\/f\/?s={search_term_string}\"},\"query-input\":\"required name=search_term_string\"}],\"inLanguage\":\"nb-NO\"},{\"@type\":\"Organization\",\"@id\":\"https:\/\/tyrving.idrett.no\/10\/f\/#organization\",\"name\":\"Tyrving Friidrettsgruppa\",\"url\":\"https:\/\/tyrving.idrett.no\/10\/f\/\",\"logo\":{\"@type\":\"ImageObject\",\"inLanguage\":\"nb-NO\",\"@id\":\"https:\/\/tyrving.idrett.no\/10\/f\/#\/schema\/logo\/image\/\",\"url\":\"https:\/\/tyrving.idrett.no\/10\/f\/files\/2019\/04\/Tyrving-Logo-Friidrett-2019.jpg\",\"contentUrl\":\"https:\/\/tyrving.idrett.no\/10\/f\/files\/2019\/04\/Tyrving-Logo-Friidrett-2019.jpg\",\"width\":460,\"height\":360,\"caption\":\"Tyrving Friidrettsgruppa\"},\"image\":{\"@id\":\"https:\/\/tyrving.idrett.no\/10\/f\/#\/schema\/logo\/image\/\"}}]}<\/script>\n<!-- \/ Yoast SEO plugin. -->","yoast_head_json":{"title":"Craft Tyrvingstafetten - Tyrving - Friidrett","robots":{"index":"index","follow":"follow","max-snippet":"max-snippet:-1","max-image-preview":"max-image-preview:large","max-video-preview":"max-video-preview:-1"},"canonical":"https:\/\/tyrving.idrett.no\/10\/f\/craft-tyrvingstafetten\/","og_locale":"nb_NO","og_type":"article","og_title":"Craft Tyrvingstafetten - Tyrving - Friidrett","og_description":"Craft Tyrvingstafetten 27. april &nbsp; Resultater fra 2023 Etappetider fra 2023 S\u00f8ndag 27. april 2025 er Craft Tyrvingstafetten tilbake igjen. N\u00e5 er det omr\u00e5det rundt friidrettsstadion p\u00e5 B\u00e6rum Idret...","og_url":"https:\/\/tyrving.idrett.no\/10\/f\/craft-tyrvingstafetten\/","og_site_name":"Tyrving - Friidrett","article_modified_time":"2025-02-27T08:09:18+00:00","og_image":[{"url":"https:\/\/tyrving.idrett.no\/10\/f\/files\/elementor\/thumbs\/budstikka-tyrvingstatten-o5x7d6damvn9z77pj4v6l45o2vr0a6g8c13vad0ink.jpg"}],"twitter_card":"summary_large_image","twitter_misc":{"Ansl. lesetid":"2 minutter"},"schema":{"@context":"https:\/\/schema.org","@graph":[{"@type":"WebPage","@id":"https:\/\/tyrving.idrett.no\/10\/f\/craft-tyrvingstafetten\/","url":"https:\/\/tyrving.idrett.no\/10\/f\/craft-tyrvingstafetten\/","name":"Craft Tyrvingstafetten - Tyrving - Friidrett","isPartOf":{"@id":"https:\/\/tyrving.idrett.no\/10\/f\/#website"},"datePublished":"2021-11-11T10:02:57+00:00","dateModified":"2025-02-27T08:09:18+00:00","breadcrumb":{"@id":"https:\/\/tyrving.idrett.no\/10\/f\/craft-tyrvingstafetten\/#breadcrumb"},"inLanguage":"nb-NO","potentialAction":[{"@type":"ReadAction","target":["https:\/\/tyrving.idrett.no\/10\/f\/craft-tyrvingstafetten\/"]}]},{"@type":"BreadcrumbList","@id":"https:\/\/tyrving.idrett.no\/10\/f\/craft-tyrvingstafetten\/#breadcrumb","itemListElement":[{"@type":"ListItem","position":1,"name":"Hjem","item":"https:\/\/tyrving.idrett.no\/10\/f\/"},{"@type":"ListItem","position":2,"name":"Craft Tyrvingstafetten"}]},{"@type":"WebSite","@id":"https:\/\/tyrving.idrett.no\/10\/f\/#website","url":"https:\/\/tyrving.idrett.no\/10\/f\/","name":"Tyrving - Friidrett","description":"Friidrettsgruppa","publisher":{"@id":"https:\/\/tyrving.idrett.no\/10\/f\/#organization"},"potentialAction":[{"@type":"SearchAction","target":{"@type":"EntryPoint","urlTemplate":"https:\/\/tyrving.idrett.no\/10\/f\/?s={search_term_string}"},"query-input":"required name=search_term_string"}],"inLanguage":"nb-NO"},{"@type":"Organization","@id":"https:\/\/tyrving.idrett.no\/10\/f\/#organization","name":"Tyrving Friidrettsgruppa","url":"https:\/\/tyrving.idrett.no\/10\/f\/","logo":{"@type":"ImageObject","inLanguage":"nb-NO","@id":"https:\/\/tyrving.idrett.no\/10\/f\/#\/schema\/logo\/image\/","url":"https:\/\/tyrving.idrett.no\/10\/f\/files\/2019\/04\/Tyrving-Logo-Friidrett-2019.jpg","contentUrl":"https:\/\/tyrving.idrett.no\/10\/f\/files\/2019\/04\/Tyrving-Logo-Friidrett-2019.jpg","width":460,"height":360,"caption":"Tyrving Friidrettsgruppa"},"image":{"@id":"https:\/\/tyrving.idrett.no\/10\/f\/#\/schema\/logo\/image\/"}}]}},"jetpack_sharing_enabled":true,"_links":{"self":[{"href":"https:\/\/tyrving.idrett.no\/10\/f\/wp-json\/wp\/v2\/pages\/21821"}],"collection":[{"href":"https:\/\/tyrving.idrett.no\/10\/f\/wp-json\/wp\/v2\/pages"}],"about":[{"href":"https:\/\/tyrving.idrett.no\/10\/f\/wp-json\/wp\/v2\/types\/page"}],"author":[{"embeddable":true,"href":"https:\/\/tyrving.idrett.no\/10\/f\/wp-json\/wp\/v2\/users\/2"}],"replies":[{"embeddable":true,"href":"https:\/\/tyrving.idrett.no\/10\/f\/wp-json\/wp\/v2\/comments?post=21821"}],"version-history":[{"count":53,"href":"https:\/\/tyrving.idrett.no\/10\/f\/wp-json\/wp\/v2\/pages\/21821\/revisions"}],"predecessor-version":[{"id":27143,"href":"https:\/\/tyrving.idrett.no\/10\/f\/wp-json\/wp\/v2\/pages\/21821\/revisions\/27143"}],"wp:attachment":[{"href":"https:\/\/tyrving.idrett.no\/10\/f\/wp-json\/wp\/v2\/media?parent=21821"}],"wp:term":[{"taxonomy":"category","embeddable":true,"href":"https:\/\/tyrving.idrett.no\/10\/f\/wp-json\/wp\/v2\/categories?post=21821"},{"taxonomy":"post_tag","embeddable":true,"href":"https:\/\/tyrving.idrett.no\/10\/f\/wp-json\/wp\/v2\/tags?post=21821"}],"curies":[{"name":"wp","href":"https:\/\/api.w.org\/{rel}","templated":true}]}}