{"id":22013,"date":"2021-11-23T14:20:12","date_gmt":"2021-11-23T13:20:12","guid":{"rendered":"https:\/\/tyrving.idrett.no\/10\/f\/?page_id=22013"},"modified":"2025-01-08T09:01:27","modified_gmt":"2025-01-08T08:01:27","slug":"lisens","status":"publish","type":"page","link":"https:\/\/tyrving.idrett.no\/10\/f\/lisens\/","title":{"rendered":"Lisens og helseattest"},"content":{"rendered":"\t\t<div data-elementor-type=\"wp-page\" data-elementor-id=\"22013\" class=\"elementor elementor-22013\" data-elementor-post-type=\"page\">\n\t\t\t\t\t\t\t\t\t<section class=\"elementor-section elementor-top-section elementor-element elementor-element-3780f85 elementor-section-boxed elementor-section-height-default elementor-section-height-default\" data-id=\"3780f85\" data-element_type=\"section\">\n\t\t\t\t\t\t<div class=\"elementor-container elementor-column-gap-extended\">\n\t\t\t\t\t<div class=\"elementor-column elementor-col-50 elementor-top-column elementor-element elementor-element-a4f462d\" data-id=\"a4f462d\" data-element_type=\"column\" data-settings=\"{&quot;background_background&quot;:&quot;classic&quot;}\">\n\t\t\t<div class=\"elementor-widget-wrap elementor-element-populated\">\n\t\t\t\t\t\t\t\t<div class=\"elementor-element elementor-element-c5ea991 elementor-widget elementor-widget-heading\" data-id=\"c5ea991\" data-element_type=\"widget\" data-widget_type=\"heading.default\">\n\t\t\t\t<div class=\"elementor-widget-container\">\n\t\t\t<h2 class=\"elementor-heading-title elementor-size-xl\">Lisens<\/h2>\t\t<\/div>\n\t\t\t\t<\/div>\n\t\t\t\t<div class=\"elementor-element elementor-element-9530759 elementor-widget elementor-widget-image\" data-id=\"9530759\" data-element_type=\"widget\" data-widget_type=\"image.default\">\n\t\t\t\t<div class=\"elementor-widget-container\">\n\t\t\t\t\t\t\t\t\t\t\t\t\t\t\t<img decoding=\"async\" src=\"https:\/\/tyrving.idrett.no\/10\/f\/files\/elementor\/thumbs\/63A7822EF-scaled-pghlxnwg4xayauqjuakl7wip8dwssn6ml0zhviymb4.jpg\" title=\"_63A7822EF\" alt=\"_63A7822EF\" loading=\"lazy\" \/>\t\t\t\t\t\t\t\t\t\t\t\t\t\t\t<\/div>\n\t\t\t\t<\/div>\n\t\t\t\t<div class=\"elementor-element elementor-element-8017d86 elementor-widget elementor-widget-text-editor\" data-id=\"8017d86\" data-element_type=\"widget\" data-widget_type=\"text-editor.default\">\n\t\t\t\t<div class=\"elementor-widget-container\">\n\t\t\t\t\t\t\t<p style=\"line-height: 1.5\"><strong style=\"font-size: 14px\">Helseattest:<\/strong><\/p><p style=\"line-height: 1.5\">Det er krav om helseattest for deltakelse p\u00e5 NM.<\/p><p style=\"line-height: 1.5\">Alle over 15 \u00e5r som har muligheten til \u00e5 kvalifisere seg til internasjonale mesterskap og skal representere Norge, m\u00e5 ogs\u00e5 ha gyldig helseattest.<\/p><p style=\"line-height: 1.5\">Se info&nbsp;<a href=\"https:\/\/www.friidrett.no\/for-utover\/helseattest-og-helsesertifisert\/\" target=\"_blank\" rel=\"noopener\" style=\"font-size: 14px\">her<\/a>&nbsp;for helseattest.<\/p><p style=\"line-height: 1.5\">&nbsp;<\/p><p style=\"line-height: 1.5\"><strong style=\"font-size: 14px\">Lisens:<\/strong><\/p><p style=\"line-height: 1.5\">Vi oppfordre alle til \u00e5 velge den utvidet Lisensen, da man i tilfelle av en skade st\u00e5r mye bedre, med den utvidet forsikringen, som dekker mer og sikre rask behandling. Les mer om dette i skrivet under.<\/p><p style=\"line-height: 1.5\">&nbsp;<\/p><p style=\"line-height: 1.5\">Det er p\u00e5lagt med forsikring fra det \u00e5ret man fyller 13 \u00e5r (for deltakelse b\u00e5de p\u00e5 trening samt konkurranse). Det er to alternativer man kan velge, grunnforsikring og utvidet forsikring. Forsikringene dekker en rekke skader og oppf\u00f8lging i tillegg til ansvar (3MNOK). Den store forskjellen p\u00e5 de to forsikringene er n\u00e5r behandlingen starter (60 dager etter innmeldt skade p\u00e5 grunn og 1-3 dager p\u00e5 utvidet forsikring).<\/p><p style=\"line-height: 1.5\">&nbsp;<\/p><p style=\"line-height: 1.5\">Utvidet forsikring er sterkt \u00e5 anbefale for de ut\u00f8verne som konkurrer og som \u00f8nsker \u00e5 f\u00e5 rask behandling og s\u00e5ledes komme raskt tilbake til sporten sin. \u00d8nsker man \u00e5 f\u00e5 behandlingen sin hos v\u00e5r samarbeidspartner&nbsp;<a href=\"https:\/\/www.jahrklinikken.no\/\" style=\"font-size: 14px\">Jahrklinikken&nbsp;<\/a>&nbsp;skal dette opplyses n\u00e5r man melder inn skaden.<\/p><p style=\"line-height: 1.5\">Velger man grunnforsikring vil et l\u00f8p med fastlege v\u00e6re et bedre og raskere alternativ. Alternativ til fastlege og som et supplement til utvidet forsikring har man rabatter hos Tyrving sin samarbeidspartner&nbsp;<a href=\"https:\/\/www.jahrklinikken.no\/\" style=\"font-size: 14px\">Jahrklinikken.<\/a><\/p><p style=\"line-height: 1.5\">I tillegg er det et godt alternativ \u00e5 benytte&nbsp;terapeuter med driftsavtale med kommunene (ingen kostnad for fylt 16 \u00e5r og redusert egenandel etter fylt 16 \u00e5r). Kommunalt godkjente&nbsp;terapeuter har mulighet til \u00e5 henvise til MR, r\u00f8ntgen osv.&nbsp;&nbsp;For de som bor i B\u00e6rum kommune finner man informasjon om dette p\u00e5 B\u00e6rum kommune sin hjemmeside (<a href=\"https:\/\/www.baerum.kommune.no\/tjenester\/helse-og-omsorg\/fysikalske-institutter\/\" style=\"font-size: 14px\">Finn fysikalske institutter&nbsp;<\/a>)<\/p><p style=\"line-height: 1.5\"><strong style=\"font-size: 14px\">&nbsp;<\/strong><\/p><p style=\"line-height: 1.5\"><strong style=\"font-size: 14px\">Du kan lese mer om Lisens og kj\u00f8pe her:<\/strong>&nbsp;<a href=\"https:\/\/www.friidrett.no\/lisens\/\" style=\"font-size: 14px\">Lisens (friidrett.no)<\/a><\/p>\t\t\t\t\t\t<\/div>\n\t\t\t\t<\/div>\n\t\t\t\t<div class=\"elementor-element elementor-element-dcca823 elementor-widget elementor-widget-spacer\" data-id=\"dcca823\" data-element_type=\"widget\" data-widget_type=\"spacer.default\">\n\t\t\t\t<div class=\"elementor-widget-container\">\n\t\t\t\t\t<div class=\"elementor-spacer\">\n\t\t\t<div class=\"elementor-spacer-inner\"><\/div>\n\t\t<\/div>\n\t\t\t\t<\/div>\n\t\t\t\t<\/div>\n\t\t\t\t\t<\/div>\n\t\t<\/div>\n\t\t\t\t<div class=\"elementor-column elementor-col-50 elementor-top-column elementor-element elementor-element-622c6cf\" data-id=\"622c6cf\" data-element_type=\"column\" data-settings=\"{&quot;background_background&quot;:&quot;classic&quot;}\">\n\t\t\t<div class=\"elementor-widget-wrap elementor-element-populated\">\n\t\t\t\t\t\t\t\t<div class=\"elementor-element elementor-element-5345732 sidekolonne elementor-widget elementor-widget-sidebar\" data-id=\"5345732\" data-element_type=\"widget\" data-widget_type=\"sidebar.default\">\n\t\t\t\t<div class=\"elementor-widget-container\">\n\t\t\t<div id=\"custom_html-9\" class=\"widget_text widget widget_custom_html\"><div class=\"textwidget custom-html-widget\"><div class=\"elementor-element elementor-element-3960326 elementor-align-center forsideknapp elementor-widget elementor-widget-button\" data-id=\"3960326\" data-element_type=\"widget\" data-widget_type=\"button.default\">\r\n    <div class=\"elementor-widget-container\">\r\n        <div class=\"elementor-button-wrapper\">\r\n            <a href=\"https:\/\/tyrving.idrett.no\/10\/f\/bli-medlem-i-tyrving\/\" class=\"elementor-button-link elementor-button elementor-size-md\" role=\"button\">\r\n            <span class=\"elementor-button-content-wrapper\">\r\n            <span class=\"elementor-button-text\">Bli medlem<\/span>\r\n            <\/span>\r\n            <\/a>\r\n        <\/div>\r\n    <\/div>\r\n<\/div>\r\n<div class=\"elementor-element elementor-element-ad5d130 elementor-align-center forsideknapp elementor-widget elementor-widget-button\" data-id=\"ad5d130\" data-element_type=\"widget\" data-widget_type=\"button.default\">\r\n    <div class=\"elementor-widget-container\">\r\n        <div class=\"elementor-button-wrapper\">\r\n            <a href=\"https:\/\/tyrving.ourwear.shop\/\" target=\"_blank\" class=\"elementor-button elementor-size-md\" role=\"button\" rel=\"noopener\">\r\n            <span class=\"elementor-button-content-wrapper\">\r\n            <span class=\"elementor-button-text\">Microshop<\/span>\r\n            <\/span>\r\n            <\/a>\r\n        <\/div>\r\n    <\/div>\r\n<\/div><\/div><\/div><div id=\"custom_html-8\" class=\"widget_text widget widget_custom_html\"><h2 class=\"widget-title\">Kommende hendelser<\/h2><div class=\"textwidget custom-html-widget\"><div id=\"klubbkalender-sidebar\"><\/div><\/div><\/div><div id=\"custom_html-3\" class=\"widget_text widget widget_custom_html\"><h2 class=\"widget-title\">Grasrotandelen<\/h2><div class=\"textwidget custom-html-widget\"><a href=\"https:\/\/www.norsk-tipping.no\/grasrotandelen\/din-mottaker\/971059931\" target=\"_blank\" rel=\"noopener\"><img decoding=\"async\" alt=\"Grasrotandelen\" style=\"border:0px;\" src=\"https:\/\/tyrving.idrett.no\/10\/f\/files\/2021\/10\/grasrotandelen2021.jpg\"><\/a><\/div><\/div>\t\t<\/div>\n\t\t\t\t<\/div>\n\t\t\t\t\t<\/div>\n\t\t<\/div>\n\t\t\t\t\t\t\t<\/div>\n\t\t<\/section>\n\t\t\t\t\t\t\t<\/div>\n\t\t","protected":false},"excerpt":{"rendered":"Lisens Helseattest: Det er krav om helseattest for deltakelse p\u00e5 NM. Alle over 15 \u00e5r som har muligheten til \u00e5 kvalifisere seg til internasjonale mesterskap og skal representere Norge, m\u00e5 ogs\u00e5 ha gyldi&#8230;","protected":false},"author":44,"featured_media":0,"parent":0,"menu_order":0,"comment_status":"closed","ping_status":"closed","template":"elementor_canvas","meta":{"footnotes":""},"categories":[],"tags":[7869],"acf":[],"yoast_head":"<!-- This site is optimized with the Yoast SEO plugin v21.2 - https:\/\/yoast.com\/wordpress\/plugins\/seo\/ -->\n<title>Lisens og helseattest - Tyrving - Friidrett<\/title>\n<meta name=\"robots\" content=\"index, follow, max-snippet:-1, max-image-preview:large, max-video-preview:-1\" \/>\n<link rel=\"canonical\" href=\"https:\/\/tyrving.idrett.no\/10\/f\/lisens\/\" \/>\n<meta property=\"og:locale\" content=\"nb_NO\" \/>\n<meta property=\"og:type\" content=\"article\" \/>\n<meta property=\"og:title\" content=\"Lisens og helseattest - Tyrving - Friidrett\" \/>\n<meta property=\"og:description\" content=\"Lisens Helseattest: Det er krav om helseattest for deltakelse p\u00e5 NM. Alle over 15 \u00e5r som har muligheten til \u00e5 kvalifisere seg til internasjonale mesterskap og skal representere Norge, m\u00e5 ogs\u00e5 ha gyldi...\" \/>\n<meta property=\"og:url\" content=\"https:\/\/tyrving.idrett.no\/10\/f\/lisens\/\" \/>\n<meta property=\"og:site_name\" content=\"Tyrving - Friidrett\" \/>\n<meta property=\"article:modified_time\" content=\"2025-01-08T08:01:27+00:00\" \/>\n<meta property=\"og:image\" content=\"https:\/\/tyrving.idrett.no\/10\/f\/files\/elementor\/thumbs\/63A7822EF-scaled-pghlxnwg4xayauqjuakl7wip8dwssn6ml0zhviymb4.jpg\" \/>\n<meta name=\"twitter:card\" content=\"summary_large_image\" \/>\n<meta name=\"twitter:label1\" content=\"Ansl. lesetid\" \/>\n\t<meta name=\"twitter:data1\" content=\"3 minutter\" \/>\n<script type=\"application\/ld+json\" class=\"yoast-schema-graph\">{\"@context\":\"https:\/\/schema.org\",\"@graph\":[{\"@type\":\"WebPage\",\"@id\":\"https:\/\/tyrving.idrett.no\/10\/f\/lisens\/\",\"url\":\"https:\/\/tyrving.idrett.no\/10\/f\/lisens\/\",\"name\":\"Lisens og helseattest - Tyrving - Friidrett\",\"isPartOf\":{\"@id\":\"https:\/\/tyrving.idrett.no\/10\/f\/#website\"},\"datePublished\":\"2021-11-23T13:20:12+00:00\",\"dateModified\":\"2025-01-08T08:01:27+00:00\",\"breadcrumb\":{\"@id\":\"https:\/\/tyrving.idrett.no\/10\/f\/lisens\/#breadcrumb\"},\"inLanguage\":\"nb-NO\",\"potentialAction\":[{\"@type\":\"ReadAction\",\"target\":[\"https:\/\/tyrving.idrett.no\/10\/f\/lisens\/\"]}]},{\"@type\":\"BreadcrumbList\",\"@id\":\"https:\/\/tyrving.idrett.no\/10\/f\/lisens\/#breadcrumb\",\"itemListElement\":[{\"@type\":\"ListItem\",\"position\":1,\"name\":\"Hjem\",\"item\":\"https:\/\/tyrving.idrett.no\/10\/f\/\"},{\"@type\":\"ListItem\",\"position\":2,\"name\":\"Lisens og helseattest\"}]},{\"@type\":\"WebSite\",\"@id\":\"https:\/\/tyrving.idrett.no\/10\/f\/#website\",\"url\":\"https:\/\/tyrving.idrett.no\/10\/f\/\",\"name\":\"Tyrving - Friidrett\",\"description\":\"Friidrettsgruppa\",\"publisher\":{\"@id\":\"https:\/\/tyrving.idrett.no\/10\/f\/#organization\"},\"potentialAction\":[{\"@type\":\"SearchAction\",\"target\":{\"@type\":\"EntryPoint\",\"urlTemplate\":\"https:\/\/tyrving.idrett.no\/10\/f\/?s={search_term_string}\"},\"query-input\":\"required name=search_term_string\"}],\"inLanguage\":\"nb-NO\"},{\"@type\":\"Organization\",\"@id\":\"https:\/\/tyrving.idrett.no\/10\/f\/#organization\",\"name\":\"Tyrving Friidrettsgruppa\",\"url\":\"https:\/\/tyrving.idrett.no\/10\/f\/\",\"logo\":{\"@type\":\"ImageObject\",\"inLanguage\":\"nb-NO\",\"@id\":\"https:\/\/tyrving.idrett.no\/10\/f\/#\/schema\/logo\/image\/\",\"url\":\"https:\/\/tyrving.idrett.no\/10\/f\/files\/2019\/04\/Tyrving-Logo-Friidrett-2019.jpg\",\"contentUrl\":\"https:\/\/tyrving.idrett.no\/10\/f\/files\/2019\/04\/Tyrving-Logo-Friidrett-2019.jpg\",\"width\":460,\"height\":360,\"caption\":\"Tyrving Friidrettsgruppa\"},\"image\":{\"@id\":\"https:\/\/tyrving.idrett.no\/10\/f\/#\/schema\/logo\/image\/\"}}]}<\/script>\n<!-- \/ Yoast SEO plugin. -->","yoast_head_json":{"title":"Lisens og helseattest - Tyrving - Friidrett","robots":{"index":"index","follow":"follow","max-snippet":"max-snippet:-1","max-image-preview":"max-image-preview:large","max-video-preview":"max-video-preview:-1"},"canonical":"https:\/\/tyrving.idrett.no\/10\/f\/lisens\/","og_locale":"nb_NO","og_type":"article","og_title":"Lisens og helseattest - Tyrving - Friidrett","og_description":"Lisens Helseattest: Det er krav om helseattest for deltakelse p\u00e5 NM. Alle over 15 \u00e5r som har muligheten til \u00e5 kvalifisere seg til internasjonale mesterskap og skal representere Norge, m\u00e5 ogs\u00e5 ha gyldi...","og_url":"https:\/\/tyrving.idrett.no\/10\/f\/lisens\/","og_site_name":"Tyrving - Friidrett","article_modified_time":"2025-01-08T08:01:27+00:00","og_image":[{"url":"https:\/\/tyrving.idrett.no\/10\/f\/files\/elementor\/thumbs\/63A7822EF-scaled-pghlxnwg4xayauqjuakl7wip8dwssn6ml0zhviymb4.jpg"}],"twitter_card":"summary_large_image","twitter_misc":{"Ansl. lesetid":"3 minutter"},"schema":{"@context":"https:\/\/schema.org","@graph":[{"@type":"WebPage","@id":"https:\/\/tyrving.idrett.no\/10\/f\/lisens\/","url":"https:\/\/tyrving.idrett.no\/10\/f\/lisens\/","name":"Lisens og helseattest - Tyrving - Friidrett","isPartOf":{"@id":"https:\/\/tyrving.idrett.no\/10\/f\/#website"},"datePublished":"2021-11-23T13:20:12+00:00","dateModified":"2025-01-08T08:01:27+00:00","breadcrumb":{"@id":"https:\/\/tyrving.idrett.no\/10\/f\/lisens\/#breadcrumb"},"inLanguage":"nb-NO","potentialAction":[{"@type":"ReadAction","target":["https:\/\/tyrving.idrett.no\/10\/f\/lisens\/"]}]},{"@type":"BreadcrumbList","@id":"https:\/\/tyrving.idrett.no\/10\/f\/lisens\/#breadcrumb","itemListElement":[{"@type":"ListItem","position":1,"name":"Hjem","item":"https:\/\/tyrving.idrett.no\/10\/f\/"},{"@type":"ListItem","position":2,"name":"Lisens og helseattest"}]},{"@type":"WebSite","@id":"https:\/\/tyrving.idrett.no\/10\/f\/#website","url":"https:\/\/tyrving.idrett.no\/10\/f\/","name":"Tyrving - Friidrett","description":"Friidrettsgruppa","publisher":{"@id":"https:\/\/tyrving.idrett.no\/10\/f\/#organization"},"potentialAction":[{"@type":"SearchAction","target":{"@type":"EntryPoint","urlTemplate":"https:\/\/tyrving.idrett.no\/10\/f\/?s={search_term_string}"},"query-input":"required name=search_term_string"}],"inLanguage":"nb-NO"},{"@type":"Organization","@id":"https:\/\/tyrving.idrett.no\/10\/f\/#organization","name":"Tyrving Friidrettsgruppa","url":"https:\/\/tyrving.idrett.no\/10\/f\/","logo":{"@type":"ImageObject","inLanguage":"nb-NO","@id":"https:\/\/tyrving.idrett.no\/10\/f\/#\/schema\/logo\/image\/","url":"https:\/\/tyrving.idrett.no\/10\/f\/files\/2019\/04\/Tyrving-Logo-Friidrett-2019.jpg","contentUrl":"https:\/\/tyrving.idrett.no\/10\/f\/files\/2019\/04\/Tyrving-Logo-Friidrett-2019.jpg","width":460,"height":360,"caption":"Tyrving Friidrettsgruppa"},"image":{"@id":"https:\/\/tyrving.idrett.no\/10\/f\/#\/schema\/logo\/image\/"}}]}},"jetpack_sharing_enabled":true,"_links":{"self":[{"href":"https:\/\/tyrving.idrett.no\/10\/f\/wp-json\/wp\/v2\/pages\/22013"}],"collection":[{"href":"https:\/\/tyrving.idrett.no\/10\/f\/wp-json\/wp\/v2\/pages"}],"about":[{"href":"https:\/\/tyrving.idrett.no\/10\/f\/wp-json\/wp\/v2\/types\/page"}],"author":[{"embeddable":true,"href":"https:\/\/tyrving.idrett.no\/10\/f\/wp-json\/wp\/v2\/users\/44"}],"replies":[{"embeddable":true,"href":"https:\/\/tyrving.idrett.no\/10\/f\/wp-json\/wp\/v2\/comments?post=22013"}],"version-history":[{"count":29,"href":"https:\/\/tyrving.idrett.no\/10\/f\/wp-json\/wp\/v2\/pages\/22013\/revisions"}],"predecessor-version":[{"id":26883,"href":"https:\/\/tyrving.idrett.no\/10\/f\/wp-json\/wp\/v2\/pages\/22013\/revisions\/26883"}],"wp:attachment":[{"href":"https:\/\/tyrving.idrett.no\/10\/f\/wp-json\/wp\/v2\/media?parent=22013"}],"wp:term":[{"taxonomy":"category","embeddable":true,"href":"https:\/\/tyrving.idrett.no\/10\/f\/wp-json\/wp\/v2\/categories?post=22013"},{"taxonomy":"post_tag","embeddable":true,"href":"https:\/\/tyrving.idrett.no\/10\/f\/wp-json\/wp\/v2\/tags?post=22013"}],"curies":[{"name":"wp","href":"https:\/\/api.w.org\/{rel}","templated":true}]}}