{"id":22191,"date":"2021-12-13T14:17:30","date_gmt":"2021-12-13T13:17:30","guid":{"rendered":"https:\/\/tyrving.idrett.no\/10\/f\/?page_id=22191"},"modified":"2025-03-20T12:19:21","modified_gmt":"2025-03-20T11:19:21","slug":"bli-medlem-i-tyrving","status":"publish","type":"page","link":"https:\/\/tyrving.idrett.no\/10\/f\/bli-medlem-i-tyrving\/","title":{"rendered":"Bli medlem"},"content":{"rendered":"\t\t<div data-elementor-type=\"wp-page\" data-elementor-id=\"22191\" class=\"elementor elementor-22191\" data-elementor-post-type=\"page\">\n\t\t\t\t\t\t\t\t\t<section class=\"elementor-section elementor-top-section elementor-element elementor-element-01842bd elementor-section-boxed elementor-section-height-default elementor-section-height-default\" data-id=\"01842bd\" data-element_type=\"section\">\n\t\t\t\t\t\t<div class=\"elementor-container elementor-column-gap-extended\">\n\t\t\t\t\t<div class=\"elementor-column elementor-col-50 elementor-top-column elementor-element elementor-element-e3ff32f\" data-id=\"e3ff32f\" data-element_type=\"column\" data-settings=\"{&quot;background_background&quot;:&quot;classic&quot;}\">\n\t\t\t<div class=\"elementor-widget-wrap elementor-element-populated\">\n\t\t\t\t\t\t\t\t<div class=\"elementor-element elementor-element-27e2f68 elementor-widget elementor-widget-heading\" data-id=\"27e2f68\" data-element_type=\"widget\" data-widget_type=\"heading.default\">\n\t\t\t\t<div class=\"elementor-widget-container\">\n\t\t\t<h1 class=\"elementor-heading-title elementor-size-xl\">Bli medlem<\/h1>\t\t<\/div>\n\t\t\t\t<\/div>\n\t\t\t\t<div class=\"elementor-element elementor-element-a33ac6a elementor-widget elementor-widget-image\" data-id=\"a33ac6a\" data-element_type=\"widget\" data-widget_type=\"image.default\">\n\t\t\t\t<div class=\"elementor-widget-container\">\n\t\t\t\t\t\t\t\t\t\t\t\t\t\t\t<img decoding=\"async\" src=\"https:\/\/tyrving.idrett.no\/10\/f\/files\/elementor\/thumbs\/IMG_0938-scaled-pcism0jrx09lgyvgpn0ggmka09deuf1r2805t09h80.jpg\" title=\"IMG_0938\" alt=\"IMG_0938\" loading=\"lazy\" \/>\t\t\t\t\t\t\t\t\t\t\t\t\t\t\t<\/div>\n\t\t\t\t<\/div>\n\t\t\t\t<div class=\"elementor-element elementor-element-4e6fe30 elementor-widget elementor-widget-text-editor\" data-id=\"4e6fe30\" data-element_type=\"widget\" data-widget_type=\"text-editor.default\">\n\t\t\t\t<div class=\"elementor-widget-container\">\n\t\t\t\t\t\t\t<h3 style=\"text-align: center\"><span style=\"color: #000000\"><strong>Velkommen til Tyrving IL\u00a0<\/strong><\/span><\/h3><h3 style=\"text-align: center\"><span style=\"color: #000000\"><strong> Friidrettsklubben i Norge &#8211; for ut\u00f8vere, trenere, tillitsvalgte og foreldre.\u00a0<\/strong><\/span><\/h3>\t\t\t\t\t\t<\/div>\n\t\t\t\t<\/div>\n\t\t\t\t<div class=\"elementor-element elementor-element-8cf1d7e elementor-widget elementor-widget-text-editor\" data-id=\"8cf1d7e\" data-element_type=\"widget\" data-widget_type=\"text-editor.default\">\n\t\t\t\t<div class=\"elementor-widget-container\">\n\t\t\t\t\t\t\t<h4>\u00a0<\/h4><h4>\u00a0<\/h4><table border=\"0\" width=\"100%\" cellspacing=\"0\" cellpadding=\"0\"><tbody><tr><td><strong>SLIK MELDER DU DEG INN I TYRVING<\/strong><\/td><\/tr><\/tbody><\/table><table border=\"0\" width=\"100%\" cellspacing=\"0\" cellpadding=\"0\"><tbody><tr><td><div class=\"sites-layout-tile sites-tile-name-header\"><div dir=\"ltr\">Alle som deltar p\u00e5 trening og konkurranser med Tyrving, m\u00e5 v\u00e6re medlem av klubben. Innmeldingen gj\u00f8r du p\u00e5 denne m\u00e5ten:<\/div><ol><li><span style=\"font-family: inherit;font-size: inherit\">Klikk p\u00e5 linken <a href=\"https:\/\/club.spond.com\/landing\/signup\/tyrvingil\/form\/142ED6B02E6E453DA0BDC44B39DFA8BC\">https:\/\/club.spond.com\/landing\/signup\/tyrvingil\/form\/4BF74DB6A3C3409E9A075E5310D4785D<\/a><\/span><\/li><li>Velg om du skal melde inn deg selv eller om det er p\u00e5 vegne av ditt barn.<\/li><li>Velg medlemstype basert p\u00e5 alder, medlemsgruppe og undergruppe.<\/li><li>Fyll inn personlig informasjon<\/li><li>Klikk p\u00e5 &laquo;Registrer&raquo;<\/li><li>Link til betaling av medlemskontingent vil bli sendt innen et par dager.<\/li><li>Betal regningen med veiledning fra betalings linken.<\/li><\/ol><p dir=\"ltr\">N\u00e5r dette er gjort, er det bare \u00e5 \u00f8nske deg <strong>VELKOMMEN<\/strong> som Tyrving-medlem!<\/p><\/div><div dir=\"ltr\">\u00a0<\/div><div class=\"sites-layout-tile sites-tile-name-header\"><div dir=\"ltr\"><strong style=\"font-family: inherit;font-size: inherit\">Medlemskontingenten pr \u00e5r er <\/strong><span style=\"font-family: inherit;font-size: inherit\">(oppdatert etter \u00e5rsm\u00f8tet i Tyrving 26.02.24):<\/span><\/div><div dir=\"ltr\">\u00a0<\/div><div dir=\"ltr\">Allidrettsmedlem: kr 80.<\/div><div dir=\"ltr\">Rekruttmedlem (kun f\u00f8rste \u00e5ret en ut\u00f8ver er medlem i Tyrving): kr 165.<\/div><div dir=\"ltr\"><span style=\"font-family: inherit;font-size: inherit\">Medlemmer til og med 16 \u00e5r: kr 440.<\/span><\/div><div dir=\"ltr\"><span style=\"font-family: inherit;font-size: inherit\">Medlemmer 17-66 \u00e5r: kr 550.<\/span><\/div><div dir=\"ltr\"><span style=\"font-family: inherit;font-size: inherit\">Medlemmer fra 67 \u00e5r: kr 275.<\/span><\/div><div dir=\"ltr\"><span style=\"font-family: inherit;font-size: inherit\">Familiemedlemskap: kr 1100.<\/span><\/div><div dir=\"ltr\"><span style=\"font-family: inherit;font-size: inherit\">Livsvarig medlemskap: \u00a0kr 8250.<\/span><\/div><\/div><p><span style=\"font-family: inherit;font-size: inherit\">Idrettsgruppene har i tillegg egne bestemmelser vedr. betaling av treningsavgift og startkontingenter.<\/span><\/p><p>Friidrettsgruppens trenings- og konkurranseavgift betales hvert halv\u00e5r, og er pr. sesong (halv\u00e5rlig) fra kr 3350 &#8211; avhengig av alder. Innbetalingsinformasjon vil bli sendt via Spond. Startkontingenter i de fleste friidrettsstevner inne og ute er inkludert i treningsavgiften.<\/p><\/td><\/tr><\/tbody><\/table>\t\t\t\t\t\t<\/div>\n\t\t\t\t<\/div>\n\t\t\t\t<div class=\"elementor-element elementor-element-d6d8de5 elementor-align-center elementor-widget elementor-widget-button\" data-id=\"d6d8de5\" data-element_type=\"widget\" data-widget_type=\"button.default\">\n\t\t\t\t<div class=\"elementor-widget-container\">\n\t\t\t\t\t<div class=\"elementor-button-wrapper\">\n\t\t\t<a class=\"elementor-button elementor-button-link elementor-size-xl\" href=\"https:\/\/club.spond.com\/landing\/signup\/tyrvingil\/form\/4BF74DB6A3C3409E9A075E5310D4785D\">\n\t\t\t\t\t\t<span class=\"elementor-button-content-wrapper\">\n\t\t\t\t\t\t<span class=\"elementor-button-icon elementor-align-icon-left\">\n\t\t\t\t<i aria-hidden=\"true\" class=\"fas fa-user-check\"><\/i>\t\t\t<\/span>\n\t\t\t\t\t\t<span class=\"elementor-button-text\">    Registrer deg <\/span>\n\t\t<\/span>\n\t\t\t\t\t<\/a>\n\t\t<\/div>\n\t\t\t\t<\/div>\n\t\t\t\t<\/div>\n\t\t\t\t<div class=\"elementor-element elementor-element-b380daf elementor-widget elementor-widget-spacer\" data-id=\"b380daf\" data-element_type=\"widget\" data-widget_type=\"spacer.default\">\n\t\t\t\t<div class=\"elementor-widget-container\">\n\t\t\t\t\t<div class=\"elementor-spacer\">\n\t\t\t<div class=\"elementor-spacer-inner\"><\/div>\n\t\t<\/div>\n\t\t\t\t<\/div>\n\t\t\t\t<\/div>\n\t\t\t\t\t<\/div>\n\t\t<\/div>\n\t\t\t\t<div class=\"elementor-column elementor-col-50 elementor-top-column elementor-element elementor-element-0725c86\" data-id=\"0725c86\" data-element_type=\"column\" data-settings=\"{&quot;background_background&quot;:&quot;classic&quot;}\">\n\t\t\t<div class=\"elementor-widget-wrap elementor-element-populated\">\n\t\t\t\t\t\t\t\t<div class=\"elementor-element elementor-element-189d39c sidekolonne elementor-widget elementor-widget-sidebar\" data-id=\"189d39c\" data-element_type=\"widget\" data-widget_type=\"sidebar.default\">\n\t\t\t\t<div class=\"elementor-widget-container\">\n\t\t\t<div id=\"custom_html-9\" class=\"widget_text widget widget_custom_html\"><div class=\"textwidget custom-html-widget\"><div class=\"elementor-element elementor-element-3960326 elementor-align-center forsideknapp elementor-widget elementor-widget-button\" data-id=\"3960326\" data-element_type=\"widget\" data-widget_type=\"button.default\">\r\n    <div class=\"elementor-widget-container\">\r\n        <div class=\"elementor-button-wrapper\">\r\n            <a href=\"https:\/\/tyrving.idrett.no\/10\/f\/bli-medlem-i-tyrving\/\" class=\"elementor-button-link elementor-button elementor-size-md\" role=\"button\">\r\n            <span class=\"elementor-button-content-wrapper\">\r\n            <span class=\"elementor-button-text\">Bli medlem<\/span>\r\n            <\/span>\r\n            <\/a>\r\n        <\/div>\r\n    <\/div>\r\n<\/div>\r\n<div class=\"elementor-element elementor-element-ad5d130 elementor-align-center forsideknapp elementor-widget elementor-widget-button\" data-id=\"ad5d130\" data-element_type=\"widget\" data-widget_type=\"button.default\">\r\n    <div class=\"elementor-widget-container\">\r\n        <div class=\"elementor-button-wrapper\">\r\n            <a href=\"https:\/\/tyrving.ourwear.shop\/\" target=\"_blank\" class=\"elementor-button elementor-size-md\" role=\"button\" rel=\"noopener\">\r\n            <span class=\"elementor-button-content-wrapper\">\r\n            <span class=\"elementor-button-text\">Microshop<\/span>\r\n            <\/span>\r\n            <\/a>\r\n        <\/div>\r\n    <\/div>\r\n<\/div><\/div><\/div><div id=\"custom_html-8\" class=\"widget_text widget widget_custom_html\"><h2 class=\"widget-title\">Kommende hendelser<\/h2><div class=\"textwidget custom-html-widget\"><div id=\"klubbkalender-sidebar\"><\/div><\/div><\/div><div id=\"custom_html-3\" class=\"widget_text widget widget_custom_html\"><h2 class=\"widget-title\">Grasrotandelen<\/h2><div class=\"textwidget custom-html-widget\"><a href=\"https:\/\/www.norsk-tipping.no\/grasrotandelen\/din-mottaker\/971059931\" target=\"_blank\" rel=\"noopener\"><img decoding=\"async\" alt=\"Grasrotandelen\" style=\"border:0px;\" src=\"https:\/\/tyrving.idrett.no\/10\/f\/files\/2021\/10\/grasrotandelen2021.jpg\"><\/a><\/div><\/div>\t\t<\/div>\n\t\t\t\t<\/div>\n\t\t\t\t\t<\/div>\n\t\t<\/div>\n\t\t\t\t\t\t\t<\/div>\n\t\t<\/section>\n\t\t\t\t\t\t\t<\/div>\n\t\t","protected":false},"excerpt":{"rendered":"Bli medlem Velkommen til Tyrving IL\u00a0 Friidrettsklubben i Norge &#8211; for ut\u00f8vere, trenere, tillitsvalgte og foreldre.\u00a0 \u00a0 \u00a0 SLIK MELDER DU DEG INN I TYRVING Alle som deltar p\u00e5 trening og konkurranser&#8230;","protected":false},"author":44,"featured_media":20950,"parent":0,"menu_order":0,"comment_status":"closed","ping_status":"closed","template":"elementor_header_footer","meta":{"footnotes":""},"categories":[],"tags":[7869],"acf":[],"yoast_head":"<!-- This site is optimized with the Yoast SEO plugin v21.2 - https:\/\/yoast.com\/wordpress\/plugins\/seo\/ -->\n<title>Bli medlem - Tyrving - Friidrett<\/title>\n<meta name=\"robots\" content=\"index, follow, max-snippet:-1, max-image-preview:large, max-video-preview:-1\" \/>\n<link rel=\"canonical\" href=\"https:\/\/tyrving.idrett.no\/10\/f\/bli-medlem-i-tyrving\/\" \/>\n<meta property=\"og:locale\" content=\"nb_NO\" \/>\n<meta property=\"og:type\" content=\"article\" \/>\n<meta property=\"og:title\" content=\"Bli medlem - Tyrving - Friidrett\" \/>\n<meta property=\"og:description\" content=\"Bli medlem Velkommen til Tyrving IL\u00a0 Friidrettsklubben i Norge &#8211; for ut\u00f8vere, trenere, tillitsvalgte og foreldre.\u00a0 \u00a0 \u00a0 SLIK MELDER DU DEG INN I TYRVING Alle som deltar p\u00e5 trening og konkurranser...\" \/>\n<meta property=\"og:url\" content=\"https:\/\/tyrving.idrett.no\/10\/f\/bli-medlem-i-tyrving\/\" \/>\n<meta property=\"og:site_name\" content=\"Tyrving - Friidrett\" \/>\n<meta property=\"article:modified_time\" content=\"2025-03-20T11:19:21+00:00\" \/>\n<meta property=\"og:image\" content=\"https:\/\/tyrving.idrett.no\/10\/f\/files\/2021\/09\/IMG_0938-scaled.jpg\" \/>\n\t<meta property=\"og:image:width\" content=\"2560\" \/>\n\t<meta property=\"og:image:height\" content=\"2098\" \/>\n\t<meta property=\"og:image:type\" content=\"image\/jpeg\" \/>\n<meta name=\"twitter:card\" content=\"summary_large_image\" \/>\n<meta name=\"twitter:label1\" content=\"Ansl. lesetid\" \/>\n\t<meta name=\"twitter:data1\" content=\"2 minutter\" \/>\n<script type=\"application\/ld+json\" class=\"yoast-schema-graph\">{\"@context\":\"https:\/\/schema.org\",\"@graph\":[{\"@type\":\"WebPage\",\"@id\":\"https:\/\/tyrving.idrett.no\/10\/f\/bli-medlem-i-tyrving\/\",\"url\":\"https:\/\/tyrving.idrett.no\/10\/f\/bli-medlem-i-tyrving\/\",\"name\":\"Bli medlem - Tyrving - Friidrett\",\"isPartOf\":{\"@id\":\"https:\/\/tyrving.idrett.no\/10\/f\/#website\"},\"datePublished\":\"2021-12-13T13:17:30+00:00\",\"dateModified\":\"2025-03-20T11:19:21+00:00\",\"breadcrumb\":{\"@id\":\"https:\/\/tyrving.idrett.no\/10\/f\/bli-medlem-i-tyrving\/#breadcrumb\"},\"inLanguage\":\"nb-NO\",\"potentialAction\":[{\"@type\":\"ReadAction\",\"target\":[\"https:\/\/tyrving.idrett.no\/10\/f\/bli-medlem-i-tyrving\/\"]}]},{\"@type\":\"BreadcrumbList\",\"@id\":\"https:\/\/tyrving.idrett.no\/10\/f\/bli-medlem-i-tyrving\/#breadcrumb\",\"itemListElement\":[{\"@type\":\"ListItem\",\"position\":1,\"name\":\"Hjem\",\"item\":\"https:\/\/tyrving.idrett.no\/10\/f\/\"},{\"@type\":\"ListItem\",\"position\":2,\"name\":\"Bli medlem\"}]},{\"@type\":\"WebSite\",\"@id\":\"https:\/\/tyrving.idrett.no\/10\/f\/#website\",\"url\":\"https:\/\/tyrving.idrett.no\/10\/f\/\",\"name\":\"Tyrving - Friidrett\",\"description\":\"Friidrettsgruppa\",\"publisher\":{\"@id\":\"https:\/\/tyrving.idrett.no\/10\/f\/#organization\"},\"potentialAction\":[{\"@type\":\"SearchAction\",\"target\":{\"@type\":\"EntryPoint\",\"urlTemplate\":\"https:\/\/tyrving.idrett.no\/10\/f\/?s={search_term_string}\"},\"query-input\":\"required name=search_term_string\"}],\"inLanguage\":\"nb-NO\"},{\"@type\":\"Organization\",\"@id\":\"https:\/\/tyrving.idrett.no\/10\/f\/#organization\",\"name\":\"Tyrving Friidrettsgruppa\",\"url\":\"https:\/\/tyrving.idrett.no\/10\/f\/\",\"logo\":{\"@type\":\"ImageObject\",\"inLanguage\":\"nb-NO\",\"@id\":\"https:\/\/tyrving.idrett.no\/10\/f\/#\/schema\/logo\/image\/\",\"url\":\"https:\/\/tyrving.idrett.no\/10\/f\/files\/2019\/04\/Tyrving-Logo-Friidrett-2019.jpg\",\"contentUrl\":\"https:\/\/tyrving.idrett.no\/10\/f\/files\/2019\/04\/Tyrving-Logo-Friidrett-2019.jpg\",\"width\":460,\"height\":360,\"caption\":\"Tyrving Friidrettsgruppa\"},\"image\":{\"@id\":\"https:\/\/tyrving.idrett.no\/10\/f\/#\/schema\/logo\/image\/\"}}]}<\/script>\n<!-- \/ Yoast SEO plugin. -->","yoast_head_json":{"title":"Bli medlem - Tyrving - Friidrett","robots":{"index":"index","follow":"follow","max-snippet":"max-snippet:-1","max-image-preview":"max-image-preview:large","max-video-preview":"max-video-preview:-1"},"canonical":"https:\/\/tyrving.idrett.no\/10\/f\/bli-medlem-i-tyrving\/","og_locale":"nb_NO","og_type":"article","og_title":"Bli medlem - Tyrving - Friidrett","og_description":"Bli medlem Velkommen til Tyrving IL\u00a0 Friidrettsklubben i Norge &#8211; for ut\u00f8vere, trenere, tillitsvalgte og foreldre.\u00a0 \u00a0 \u00a0 SLIK MELDER DU DEG INN I TYRVING Alle som deltar p\u00e5 trening og konkurranser...","og_url":"https:\/\/tyrving.idrett.no\/10\/f\/bli-medlem-i-tyrving\/","og_site_name":"Tyrving - Friidrett","article_modified_time":"2025-03-20T11:19:21+00:00","og_image":[{"width":2560,"height":2098,"url":"https:\/\/tyrving.idrett.no\/10\/f\/files\/2021\/09\/IMG_0938-scaled.jpg","type":"image\/jpeg"}],"twitter_card":"summary_large_image","twitter_misc":{"Ansl. lesetid":"2 minutter"},"schema":{"@context":"https:\/\/schema.org","@graph":[{"@type":"WebPage","@id":"https:\/\/tyrving.idrett.no\/10\/f\/bli-medlem-i-tyrving\/","url":"https:\/\/tyrving.idrett.no\/10\/f\/bli-medlem-i-tyrving\/","name":"Bli medlem - Tyrving - Friidrett","isPartOf":{"@id":"https:\/\/tyrving.idrett.no\/10\/f\/#website"},"datePublished":"2021-12-13T13:17:30+00:00","dateModified":"2025-03-20T11:19:21+00:00","breadcrumb":{"@id":"https:\/\/tyrving.idrett.no\/10\/f\/bli-medlem-i-tyrving\/#breadcrumb"},"inLanguage":"nb-NO","potentialAction":[{"@type":"ReadAction","target":["https:\/\/tyrving.idrett.no\/10\/f\/bli-medlem-i-tyrving\/"]}]},{"@type":"BreadcrumbList","@id":"https:\/\/tyrving.idrett.no\/10\/f\/bli-medlem-i-tyrving\/#breadcrumb","itemListElement":[{"@type":"ListItem","position":1,"name":"Hjem","item":"https:\/\/tyrving.idrett.no\/10\/f\/"},{"@type":"ListItem","position":2,"name":"Bli medlem"}]},{"@type":"WebSite","@id":"https:\/\/tyrving.idrett.no\/10\/f\/#website","url":"https:\/\/tyrving.idrett.no\/10\/f\/","name":"Tyrving - Friidrett","description":"Friidrettsgruppa","publisher":{"@id":"https:\/\/tyrving.idrett.no\/10\/f\/#organization"},"potentialAction":[{"@type":"SearchAction","target":{"@type":"EntryPoint","urlTemplate":"https:\/\/tyrving.idrett.no\/10\/f\/?s={search_term_string}"},"query-input":"required name=search_term_string"}],"inLanguage":"nb-NO"},{"@type":"Organization","@id":"https:\/\/tyrving.idrett.no\/10\/f\/#organization","name":"Tyrving Friidrettsgruppa","url":"https:\/\/tyrving.idrett.no\/10\/f\/","logo":{"@type":"ImageObject","inLanguage":"nb-NO","@id":"https:\/\/tyrving.idrett.no\/10\/f\/#\/schema\/logo\/image\/","url":"https:\/\/tyrving.idrett.no\/10\/f\/files\/2019\/04\/Tyrving-Logo-Friidrett-2019.jpg","contentUrl":"https:\/\/tyrving.idrett.no\/10\/f\/files\/2019\/04\/Tyrving-Logo-Friidrett-2019.jpg","width":460,"height":360,"caption":"Tyrving Friidrettsgruppa"},"image":{"@id":"https:\/\/tyrving.idrett.no\/10\/f\/#\/schema\/logo\/image\/"}}]}},"jetpack_sharing_enabled":true,"_links":{"self":[{"href":"https:\/\/tyrving.idrett.no\/10\/f\/wp-json\/wp\/v2\/pages\/22191"}],"collection":[{"href":"https:\/\/tyrving.idrett.no\/10\/f\/wp-json\/wp\/v2\/pages"}],"about":[{"href":"https:\/\/tyrving.idrett.no\/10\/f\/wp-json\/wp\/v2\/types\/page"}],"author":[{"embeddable":true,"href":"https:\/\/tyrving.idrett.no\/10\/f\/wp-json\/wp\/v2\/users\/44"}],"replies":[{"embeddable":true,"href":"https:\/\/tyrving.idrett.no\/10\/f\/wp-json\/wp\/v2\/comments?post=22191"}],"version-history":[{"count":89,"href":"https:\/\/tyrving.idrett.no\/10\/f\/wp-json\/wp\/v2\/pages\/22191\/revisions"}],"predecessor-version":[{"id":27376,"href":"https:\/\/tyrving.idrett.no\/10\/f\/wp-json\/wp\/v2\/pages\/22191\/revisions\/27376"}],"wp:featuredmedia":[{"embeddable":true,"href":"https:\/\/tyrving.idrett.no\/10\/f\/wp-json\/wp\/v2\/media\/20950"}],"wp:attachment":[{"href":"https:\/\/tyrving.idrett.no\/10\/f\/wp-json\/wp\/v2\/media?parent=22191"}],"wp:term":[{"taxonomy":"category","embeddable":true,"href":"https:\/\/tyrving.idrett.no\/10\/f\/wp-json\/wp\/v2\/categories?post=22191"},{"taxonomy":"post_tag","embeddable":true,"href":"https:\/\/tyrving.idrett.no\/10\/f\/wp-json\/wp\/v2\/tags?post=22191"}],"curies":[{"name":"wp","href":"https:\/\/api.w.org\/{rel}","templated":true}]}}