{"id":27303,"date":"2025-03-07T11:26:44","date_gmt":"2025-03-07T10:26:44","guid":{"rendered":"https:\/\/tyrving.idrett.no\/10\/f\/?page_id=27303"},"modified":"2026-03-23T10:46:40","modified_gmt":"2026-03-23T09:46:40","slug":"friidrett-2","status":"publish","type":"page","link":"https:\/\/tyrving.idrett.no\/10\/f\/friidrett-2\/","title":{"rendered":"Friidrett"},"content":{"rendered":"<p>G\u00e5 tilbake til Hovedsiden for \u00e5 melde p\u00e5 friidrettsgruppene, i menyen du fant denne siden finner du ogs\u00e5 oppdaterte treningstider og informasjon om trenere og \u00f8vrige grupper.<\/p>\n<p>&nbsp;<\/p>\n<p>&nbsp;<\/p>\n<p><strong>Treningsavgift utend\u00f8rs 2026:<\/strong><\/p>\n<p>Generell friidrett f.2016 -3350,-<\/p>\n<p>Generell friidrett f.2015 &#8211; 3350,-<\/p>\n<p>Generell friidrett f.2014- 3700,-<\/p>\n<p>Generell friidrett f.2013 &#8211; 3700,-<\/p>\n<p>\u00d8vrige ut\u00f8vere 14 \u00e5r og eldre\u00a0 &#8211; 4100<\/p>\n<p>&nbsp;<\/p>\n<p>&nbsp;<\/p>\n<p>&nbsp;<\/p>\n<p>&nbsp;<\/p>\n<p><strong>Treningsavgiften dekker:<\/strong><br \/>\n&#8211; Treningstilbudet uavhengig av antall treninger.<br \/>\n&#8211; Startkontingenter til alle l\u00f8p p\u00e5 bane.<br \/>\n&#8211; <strong>Tyrving IL dekker ikke etteranmeldinger, dette vil bli fakturert i sin helhet til hver enkelt ut\u00f8ver i etterkant<\/strong><em>. F.eks har man meldt seg p\u00e5 2 \u00f8velser innen fristen, men melder seg ogs\u00e5 p\u00e5 1 \u00f8velse etter fristen, vil man kun bli fakturert for etteranmeldingen i sin helhet.<\/em><\/p>\n<p>&nbsp;<\/p>\n<p>&nbsp;<\/p>\n<p><strong>I tillegg til treningsavgiften vil dere f\u00e5 betalingskrav i Spond for medlemskontingent for 2026 med f\u00f8lgende priser:<\/strong><\/p>\n<div dir=\"ltr\">Rekruttmedlem (kun f\u00f8rste \u00e5ret en ut\u00f8ver er medlem i Tyrving): kr 165.<\/div>\n<div dir=\"ltr\">Medlemmer til og med 16 \u00e5r: kr 440.<\/div>\n<div dir=\"ltr\">Medlemmer 17-66 \u00e5r: kr 550.<\/div>\n<div dir=\"ltr\">Medlemmer fra 67 \u00e5r: kr 275.<\/div>\n<div dir=\"ltr\">Familiemedlemskap: kr 1100.<\/div>\n<div dir=\"ltr\">Livsvarig medlemskap: \u00a0kr 8250.<\/div>\n<div dir=\"ltr\"><em>NB! De som ikke har betalt medlemskontingent for 2026 vil f\u00e5 tilsendt betalingsforesp\u00f8rsel via Spond.<\/em><\/div>\n<div dir=\"ltr\"><\/div>\n<div dir=\"ltr\"><\/div>\n<p>&nbsp;<\/p>\n<p><strong>LISENS:<\/strong><br \/>\nUt\u00f8vere m\u00e5 fra det \u00e5ret de fyller 13 \u00e5r i tillegg ha friidretts lisens, som de selv m\u00e5 kj\u00f8pe via denne linken: <a href=\"https:\/\/www.friidrett.no\/lisens\/\">Lisens<\/a><\/p>\n<p>&nbsp;<\/p>\n<p><strong>TRENERE:<\/strong><br \/>\nTrenere i Tyrving er stort sett tidligere friidrettsut\u00f8vere med nasjonal og internasjonal erfaring. V\u00e5re trenere er pliktige til \u00e5 levere gyldig politiattest og gjennomf\u00f8re relevante trenerkurs.<\/p>\n<p>Vi jobber kontinuerlig for \u00e5 kunne stille med de beste trenerne samt videreutdanne og veilede de trenere vi allerede har.<\/p>\n<p>&nbsp;<\/p>\n<p>&nbsp;<\/p>\n<p><strong>FORPLIKTELSER\/DUGNAD FOR FORESATTE:<\/strong><br \/>\nTyrving er avhengige av foreldrenes innsats. Vi \u00f8nsker at dugnadsarbeidet skal v\u00e6re b\u00e5de meningsfylt og hyggelig og fordeler oppgaver etter interesse og kapasitet. For \u00e5 gjennomf\u00f8re Tyrvinglekene innend\u00f8rs og utend\u00f8rs trenger vi rundt 200 frivillige, og vi vil derfor be hver familie bidra med minst to vakter i l\u00f8pet av disse helgene. i 2026 arrangerer vi ogs\u00e5 UM 11-13.september, p\u00e5meldingsskjema til funksjon\u00e6rer kommer.<\/p>\n<p>Vi vil ogs\u00e5 be deg bidra under mindre stevner Tyrving arrangerer.<\/p>\n<p>Om du \u00f8nsker mer informasjon om \u00e5 bli dommer og generelle henvendelser samt arrangement send mail til: friidrett@tyrving.no.<\/p>\n<p>Sp\u00f8rsm\u00e5l om \u00f8konomi\/drift kontakt daglig leder: emil@tyrving.no<\/p>\n<p>&nbsp;<\/p>\n<p>Velkommen til friidrettstrening i Tyrving!<\/p>\n<p>&nbsp;<\/p>\n<p>&nbsp;<\/p>\n<p>&nbsp;<\/p>\n<p>&nbsp;<\/p>\n<p>&nbsp;<\/p>\n<p>&nbsp;<\/p>\n<p>&nbsp;<\/p>\n","protected":false},"excerpt":{"rendered":"G\u00e5 tilbake til Hovedsiden for \u00e5 melde p\u00e5 friidrettsgruppene, i menyen du fant denne siden finner du ogs\u00e5 oppdaterte treningstider og informasjon om trenere og \u00f8vrige grupper. &nbsp; &nbsp; Treningsavg&#8230;","protected":false},"author":48,"featured_media":0,"parent":0,"menu_order":0,"comment_status":"closed","ping_status":"closed","template":"","meta":{"footnotes":""},"categories":[],"tags":[],"acf":[],"yoast_head":"<!-- This site is optimized with the Yoast SEO plugin v21.2 - https:\/\/yoast.com\/wordpress\/plugins\/seo\/ -->\n<title>Friidrett - Tyrving - Friidrett<\/title>\n<meta name=\"robots\" content=\"index, follow, max-snippet:-1, max-image-preview:large, max-video-preview:-1\" \/>\n<link rel=\"canonical\" href=\"https:\/\/tyrving.idrett.no\/10\/f\/friidrett-2\/\" \/>\n<meta property=\"og:locale\" content=\"nb_NO\" \/>\n<meta property=\"og:type\" content=\"article\" \/>\n<meta property=\"og:title\" content=\"Friidrett - Tyrving - Friidrett\" \/>\n<meta property=\"og:description\" content=\"G\u00e5 tilbake til Hovedsiden for \u00e5 melde p\u00e5 friidrettsgruppene, i menyen du fant denne siden finner du ogs\u00e5 oppdaterte treningstider og informasjon om trenere og \u00f8vrige grupper. &nbsp; &nbsp; Treningsavg...\" \/>\n<meta property=\"og:url\" content=\"https:\/\/tyrving.idrett.no\/10\/f\/friidrett-2\/\" \/>\n<meta property=\"og:site_name\" content=\"Tyrving - Friidrett\" \/>\n<meta property=\"article:modified_time\" content=\"2026-03-23T09:46:40+00:00\" \/>\n<meta name=\"twitter:card\" content=\"summary_large_image\" \/>\n<meta name=\"twitter:label1\" content=\"Ansl. lesetid\" \/>\n\t<meta name=\"twitter:data1\" content=\"2 minutter\" \/>\n<script type=\"application\/ld+json\" class=\"yoast-schema-graph\">{\"@context\":\"https:\/\/schema.org\",\"@graph\":[{\"@type\":\"WebPage\",\"@id\":\"https:\/\/tyrving.idrett.no\/10\/f\/friidrett-2\/\",\"url\":\"https:\/\/tyrving.idrett.no\/10\/f\/friidrett-2\/\",\"name\":\"Friidrett - Tyrving - Friidrett\",\"isPartOf\":{\"@id\":\"https:\/\/tyrving.idrett.no\/10\/f\/#website\"},\"datePublished\":\"2025-03-07T10:26:44+00:00\",\"dateModified\":\"2026-03-23T09:46:40+00:00\",\"breadcrumb\":{\"@id\":\"https:\/\/tyrving.idrett.no\/10\/f\/friidrett-2\/#breadcrumb\"},\"inLanguage\":\"nb-NO\",\"potentialAction\":[{\"@type\":\"ReadAction\",\"target\":[\"https:\/\/tyrving.idrett.no\/10\/f\/friidrett-2\/\"]}]},{\"@type\":\"BreadcrumbList\",\"@id\":\"https:\/\/tyrving.idrett.no\/10\/f\/friidrett-2\/#breadcrumb\",\"itemListElement\":[{\"@type\":\"ListItem\",\"position\":1,\"name\":\"Hjem\",\"item\":\"https:\/\/tyrving.idrett.no\/10\/f\/\"},{\"@type\":\"ListItem\",\"position\":2,\"name\":\"Friidrett\"}]},{\"@type\":\"WebSite\",\"@id\":\"https:\/\/tyrving.idrett.no\/10\/f\/#website\",\"url\":\"https:\/\/tyrving.idrett.no\/10\/f\/\",\"name\":\"Tyrving - Friidrett\",\"description\":\"Friidrettsgruppa\",\"publisher\":{\"@id\":\"https:\/\/tyrving.idrett.no\/10\/f\/#organization\"},\"potentialAction\":[{\"@type\":\"SearchAction\",\"target\":{\"@type\":\"EntryPoint\",\"urlTemplate\":\"https:\/\/tyrving.idrett.no\/10\/f\/?s={search_term_string}\"},\"query-input\":\"required name=search_term_string\"}],\"inLanguage\":\"nb-NO\"},{\"@type\":\"Organization\",\"@id\":\"https:\/\/tyrving.idrett.no\/10\/f\/#organization\",\"name\":\"Tyrving Friidrettsgruppa\",\"url\":\"https:\/\/tyrving.idrett.no\/10\/f\/\",\"logo\":{\"@type\":\"ImageObject\",\"inLanguage\":\"nb-NO\",\"@id\":\"https:\/\/tyrving.idrett.no\/10\/f\/#\/schema\/logo\/image\/\",\"url\":\"https:\/\/tyrving.idrett.no\/10\/f\/files\/2019\/04\/Tyrving-Logo-Friidrett-2019.jpg\",\"contentUrl\":\"https:\/\/tyrving.idrett.no\/10\/f\/files\/2019\/04\/Tyrving-Logo-Friidrett-2019.jpg\",\"width\":460,\"height\":360,\"caption\":\"Tyrving Friidrettsgruppa\"},\"image\":{\"@id\":\"https:\/\/tyrving.idrett.no\/10\/f\/#\/schema\/logo\/image\/\"}}]}<\/script>\n<!-- \/ Yoast SEO plugin. -->","yoast_head_json":{"title":"Friidrett - Tyrving - Friidrett","robots":{"index":"index","follow":"follow","max-snippet":"max-snippet:-1","max-image-preview":"max-image-preview:large","max-video-preview":"max-video-preview:-1"},"canonical":"https:\/\/tyrving.idrett.no\/10\/f\/friidrett-2\/","og_locale":"nb_NO","og_type":"article","og_title":"Friidrett - Tyrving - Friidrett","og_description":"G\u00e5 tilbake til Hovedsiden for \u00e5 melde p\u00e5 friidrettsgruppene, i menyen du fant denne siden finner du ogs\u00e5 oppdaterte treningstider og informasjon om trenere og \u00f8vrige grupper. &nbsp; &nbsp; Treningsavg...","og_url":"https:\/\/tyrving.idrett.no\/10\/f\/friidrett-2\/","og_site_name":"Tyrving - Friidrett","article_modified_time":"2026-03-23T09:46:40+00:00","twitter_card":"summary_large_image","twitter_misc":{"Ansl. lesetid":"2 minutter"},"schema":{"@context":"https:\/\/schema.org","@graph":[{"@type":"WebPage","@id":"https:\/\/tyrving.idrett.no\/10\/f\/friidrett-2\/","url":"https:\/\/tyrving.idrett.no\/10\/f\/friidrett-2\/","name":"Friidrett - Tyrving - Friidrett","isPartOf":{"@id":"https:\/\/tyrving.idrett.no\/10\/f\/#website"},"datePublished":"2025-03-07T10:26:44+00:00","dateModified":"2026-03-23T09:46:40+00:00","breadcrumb":{"@id":"https:\/\/tyrving.idrett.no\/10\/f\/friidrett-2\/#breadcrumb"},"inLanguage":"nb-NO","potentialAction":[{"@type":"ReadAction","target":["https:\/\/tyrving.idrett.no\/10\/f\/friidrett-2\/"]}]},{"@type":"BreadcrumbList","@id":"https:\/\/tyrving.idrett.no\/10\/f\/friidrett-2\/#breadcrumb","itemListElement":[{"@type":"ListItem","position":1,"name":"Hjem","item":"https:\/\/tyrving.idrett.no\/10\/f\/"},{"@type":"ListItem","position":2,"name":"Friidrett"}]},{"@type":"WebSite","@id":"https:\/\/tyrving.idrett.no\/10\/f\/#website","url":"https:\/\/tyrving.idrett.no\/10\/f\/","name":"Tyrving - Friidrett","description":"Friidrettsgruppa","publisher":{"@id":"https:\/\/tyrving.idrett.no\/10\/f\/#organization"},"potentialAction":[{"@type":"SearchAction","target":{"@type":"EntryPoint","urlTemplate":"https:\/\/tyrving.idrett.no\/10\/f\/?s={search_term_string}"},"query-input":"required name=search_term_string"}],"inLanguage":"nb-NO"},{"@type":"Organization","@id":"https:\/\/tyrving.idrett.no\/10\/f\/#organization","name":"Tyrving Friidrettsgruppa","url":"https:\/\/tyrving.idrett.no\/10\/f\/","logo":{"@type":"ImageObject","inLanguage":"nb-NO","@id":"https:\/\/tyrving.idrett.no\/10\/f\/#\/schema\/logo\/image\/","url":"https:\/\/tyrving.idrett.no\/10\/f\/files\/2019\/04\/Tyrving-Logo-Friidrett-2019.jpg","contentUrl":"https:\/\/tyrving.idrett.no\/10\/f\/files\/2019\/04\/Tyrving-Logo-Friidrett-2019.jpg","width":460,"height":360,"caption":"Tyrving Friidrettsgruppa"},"image":{"@id":"https:\/\/tyrving.idrett.no\/10\/f\/#\/schema\/logo\/image\/"}}]}},"jetpack_sharing_enabled":true,"_links":{"self":[{"href":"https:\/\/tyrving.idrett.no\/10\/f\/wp-json\/wp\/v2\/pages\/27303"}],"collection":[{"href":"https:\/\/tyrving.idrett.no\/10\/f\/wp-json\/wp\/v2\/pages"}],"about":[{"href":"https:\/\/tyrving.idrett.no\/10\/f\/wp-json\/wp\/v2\/types\/page"}],"author":[{"embeddable":true,"href":"https:\/\/tyrving.idrett.no\/10\/f\/wp-json\/wp\/v2\/users\/48"}],"replies":[{"embeddable":true,"href":"https:\/\/tyrving.idrett.no\/10\/f\/wp-json\/wp\/v2\/comments?post=27303"}],"version-history":[{"count":16,"href":"https:\/\/tyrving.idrett.no\/10\/f\/wp-json\/wp\/v2\/pages\/27303\/revisions"}],"predecessor-version":[{"id":28283,"href":"https:\/\/tyrving.idrett.no\/10\/f\/wp-json\/wp\/v2\/pages\/27303\/revisions\/28283"}],"wp:attachment":[{"href":"https:\/\/tyrving.idrett.no\/10\/f\/wp-json\/wp\/v2\/media?parent=27303"}],"wp:term":[{"taxonomy":"category","embeddable":true,"href":"https:\/\/tyrving.idrett.no\/10\/f\/wp-json\/wp\/v2\/categories?post=27303"},{"taxonomy":"post_tag","embeddable":true,"href":"https:\/\/tyrving.idrett.no\/10\/f\/wp-json\/wp\/v2\/tags?post=27303"}],"curies":[{"name":"wp","href":"https:\/\/api.w.org\/{rel}","templated":true}]}}