{"id":33,"date":"2010-04-05T07:55:39","date_gmt":"2010-04-05T06:55:39","guid":{"rendered":"http:\/\/tyrving.idrett.no\/10\/f\/treningstider-og-trenere\/"},"modified":"2021-12-18T15:13:34","modified_gmt":"2021-12-18T14:13:34","slug":"treningstider","status":"publish","type":"page","link":"https:\/\/tyrving.idrett.no\/10\/f\/treningstider\/","title":{"rendered":"Treningstider"},"content":{"rendered":"<p><strong>Fra og med mandag 19. april vil Tyrving-treningene v\u00e6re p\u00e5 og rundt Nadderud Stadion &#8211; hvis ikke annen beskjed blir gitt.\u00a0 Ved sp\u00f8rsm\u00e5l om treningstider, grupper etc. send mail til <a href=\"mailto:friidrett@tyrving.no\">friidrett@tyrving.no<\/a>. <\/strong><\/p>\n<p>Grunnet restriksjoner iverksatt av kommunen m\u00e5 alle som deltar p\u00e5 treninger registreres. Tyrving IL vil benytte appen Spond som registrering av oppm\u00f8te. Det er derfor viktig at alle som skal delta p\u00e5 treninger i regi av Tyrving laster ned og benytter appen.<\/p>\n<table>\n<tbody>\n<tr>\n<td width=\"151\"><strong>Alder<\/strong><\/td>\n<td width=\"151\"><strong>Gruppe<\/strong><\/td>\n<td width=\"151\"><strong>Treningsdag<\/strong><\/td>\n<td width=\"151\"><strong>Treningstidspunkt<\/strong><\/td>\n<\/tr>\n<tr>\n<td width=\"151\">F.2014-2016<\/td>\n<td width=\"151\">Allidrett<\/td>\n<td width=\"151\">Onsdag<\/td>\n<td width=\"151\">Kl. 1700-1800<\/td>\n<\/tr>\n<tr>\n<td width=\"151\">F.2011-2013<\/td>\n<td width=\"151\">Allidrett<\/td>\n<td width=\"151\">Onsdag<\/td>\n<td width=\"151\">Kl. 1800-1900<\/td>\n<\/tr>\n<tr>\n<td width=\"151\">F.2011<\/td>\n<td width=\"151\">Generell Friidrett<\/td>\n<td width=\"151\">Tirsdag<\/p>\n<p>Torsdag<\/td>\n<td width=\"151\">Kl. 1700-1830<\/p>\n<p>Kl. 1700-1830<\/td>\n<\/tr>\n<tr>\n<td width=\"151\">F.2010<\/td>\n<td width=\"151\">Generell Friidrett<\/td>\n<td width=\"151\">Mandag<\/p>\n<p>Onsdag<\/td>\n<td width=\"151\">Kl. 1700-1830<\/p>\n<p>Kl. 1700-1830<\/td>\n<\/tr>\n<tr>\n<td width=\"151\">F.2009<\/td>\n<td width=\"151\">Generell Friidrett<\/td>\n<td width=\"151\">Tirsdag<\/p>\n<p>Torsdag<\/td>\n<td width=\"151\">Kl. 1700-1830<\/p>\n<p>Kl. 1700-1830<\/td>\n<\/tr>\n<tr>\n<td width=\"151\">F.2008<\/td>\n<td width=\"151\">Generell Friidrett<\/td>\n<td width=\"151\">Mandag<\/p>\n<p>Onsdag<\/p>\n<p>S\u00f8ndag<\/td>\n<td width=\"151\">Kl. 1700-1830<\/p>\n<p>Kl. 1700-1830<\/p>\n<p>Kl. 1100-1230<\/td>\n<\/tr>\n<tr>\n<td width=\"151\">F.2007<\/td>\n<td width=\"151\">Rekrutt SLTH og Distanse<\/td>\n<td width=\"151\">Mandag<\/p>\n<p>Onsdag<\/p>\n<p>Torsdag<\/p>\n<p>S\u00f8ndag<\/td>\n<td width=\"151\">Kl. 1830-2000<\/p>\n<p>Kl. 1830-2000<\/p>\n<p>Kl. 1830-2000<\/p>\n<p>Kl. 1100-1230<\/td>\n<\/tr>\n<tr>\n<td width=\"151\">F.2005-2006<\/td>\n<td width=\"151\">Jr. SLTH<\/td>\n<td width=\"151\">Mandag<\/p>\n<p>Tirsdag<\/p>\n<p>Torsdag<\/p>\n<p>Fredag<\/td>\n<td width=\"151\">Kl. 1730-1930<\/p>\n<p>Kl. 1730-1930<\/p>\n<p>Kl. 1730-1930<\/p>\n<p>Kl. 1700-1830<\/td>\n<\/tr>\n<tr>\n<td width=\"151\">F.2005-2006<\/td>\n<td width=\"151\">Jr. Distanse<\/td>\n<td width=\"151\">Mandag<\/p>\n<p>Onsdag<\/p>\n<p>L\u00f8rdag<\/td>\n<td width=\"151\">Kl. 1800-2000<\/p>\n<p>Kl. 1800-2000<\/p>\n<p>Kl. 1100-1300<\/td>\n<\/tr>\n<tr>\n<td width=\"151\">Etter avtale<\/td>\n<td width=\"151\">Yngre Elite SLTH &#8211; Petra<\/td>\n<td width=\"151\">Mandag<\/p>\n<p>Tirsdag<\/p>\n<p>Onsdag<\/p>\n<p>Torsdag<\/p>\n<p>Fredag<\/td>\n<td width=\"151\">Kl. 1600-18:00<\/p>\n<p>Kl. 1600-18:00<\/p>\n<p>Kl. 1600-18:00<\/p>\n<p>Kl. 1600-18:00<\/p>\n<p>Kl. 1600-18:00<\/td>\n<\/tr>\n<tr>\n<td width=\"151\">Etter avtale<\/td>\n<td width=\"151\">Yngre Elite SLTH &#8211; Morten<\/td>\n<td width=\"151\">Mandag<\/p>\n<p>Tirsdag<\/p>\n<p>Onsdag<\/p>\n<p>Fredag<\/p>\n<p>L\u00f8rdag<\/td>\n<td width=\"151\">Kl. 1830-2030<\/p>\n<p>Kl. 1830-2030<\/p>\n<p>Kl. 1830-2030<\/p>\n<p>Kl. 1630-1830<\/p>\n<p>Kl. 1000-1200<\/td>\n<\/tr>\n<tr>\n<td width=\"151\">Etter avtale<\/td>\n<td width=\"151\">Yngre Elite Distanse<\/td>\n<td width=\"151\">Mandag<\/p>\n<p>Onsdag<\/p>\n<p>L\u00f8rdag<\/td>\n<td width=\"151\">Kl. 1800-2000<\/p>\n<p>Kl. 1800-2000<\/p>\n<p>Kl. 1100-1300<\/td>\n<\/tr>\n<tr>\n<td width=\"151\">Etter avtale<\/td>\n<td width=\"151\">Elite H\u00f8yde<\/td>\n<td width=\"151\">Etter avtale<\/td>\n<td width=\"151\">Etter avtale<\/td>\n<\/tr>\n<tr>\n<td width=\"151\">Etter avtale<\/td>\n<td width=\"151\">Elite Kast<\/td>\n<td width=\"151\">Etter avtale<\/td>\n<td width=\"151\">Etter avtale<\/td>\n<\/tr>\n<tr>\n<td width=\"151\">Etter avtale<\/td>\n<td width=\"151\">Elite Distanse<\/td>\n<td width=\"151\">Etter avtale<\/td>\n<td width=\"151\">Etter avtale<\/td>\n<\/tr>\n<tr>\n<td width=\"151\">Etter avtale<\/td>\n<td width=\"151\">Elite SLTH<\/td>\n<td width=\"151\">Etter avtale<\/td>\n<td width=\"151\">Etter avtale<\/td>\n<\/tr>\n<\/tbody>\n<\/table>\n","protected":false},"excerpt":{"rendered":"Fra og med mandag 19. april vil Tyrving-treningene v\u00e6re p\u00e5 og rundt Nadderud Stadion &#8211; hvis ikke annen beskjed blir gitt.\u00a0 Ved sp\u00f8rsm\u00e5l om treningstider, grupper etc. send mail til friidrett@tyr&#8230;","protected":false},"author":2,"featured_media":0,"parent":0,"menu_order":1,"comment_status":"open","ping_status":"open","template":"","meta":{"footnotes":""},"categories":[1],"tags":[7872],"acf":[],"yoast_head":"<!-- This site is optimized with the Yoast SEO plugin v21.2 - https:\/\/yoast.com\/wordpress\/plugins\/seo\/ -->\n<title>Treningstider - Tyrving - Friidrett<\/title>\n<meta name=\"robots\" content=\"index, follow, max-snippet:-1, max-image-preview:large, max-video-preview:-1\" \/>\n<link rel=\"canonical\" href=\"https:\/\/tyrving.idrett.no\/10\/f\/treningstider\/\" \/>\n<meta property=\"og:locale\" content=\"nb_NO\" \/>\n<meta property=\"og:type\" content=\"article\" \/>\n<meta property=\"og:title\" content=\"Treningstider - Tyrving - Friidrett\" \/>\n<meta property=\"og:description\" content=\"Fra og med mandag 19. april vil Tyrving-treningene v\u00e6re p\u00e5 og rundt Nadderud Stadion &#8211; hvis ikke annen beskjed blir gitt.\u00a0 Ved sp\u00f8rsm\u00e5l om treningstider, grupper etc. send mail til friidrett@tyr...\" \/>\n<meta property=\"og:url\" content=\"https:\/\/tyrving.idrett.no\/10\/f\/treningstider\/\" \/>\n<meta property=\"og:site_name\" content=\"Tyrving - Friidrett\" \/>\n<meta property=\"article:modified_time\" content=\"2021-12-18T14:13:34+00:00\" \/>\n<meta name=\"twitter:card\" content=\"summary_large_image\" \/>\n<meta name=\"twitter:label1\" content=\"Ansl. lesetid\" \/>\n\t<meta name=\"twitter:data1\" content=\"1 minutt\" \/>\n<script type=\"application\/ld+json\" class=\"yoast-schema-graph\">{\"@context\":\"https:\/\/schema.org\",\"@graph\":[{\"@type\":\"WebPage\",\"@id\":\"https:\/\/tyrving.idrett.no\/10\/f\/treningstider\/\",\"url\":\"https:\/\/tyrving.idrett.no\/10\/f\/treningstider\/\",\"name\":\"Treningstider - Tyrving - Friidrett\",\"isPartOf\":{\"@id\":\"https:\/\/tyrving.idrett.no\/10\/f\/#website\"},\"datePublished\":\"2010-04-05T06:55:39+00:00\",\"dateModified\":\"2021-12-18T14:13:34+00:00\",\"breadcrumb\":{\"@id\":\"https:\/\/tyrving.idrett.no\/10\/f\/treningstider\/#breadcrumb\"},\"inLanguage\":\"nb-NO\",\"potentialAction\":[{\"@type\":\"ReadAction\",\"target\":[\"https:\/\/tyrving.idrett.no\/10\/f\/treningstider\/\"]}]},{\"@type\":\"BreadcrumbList\",\"@id\":\"https:\/\/tyrving.idrett.no\/10\/f\/treningstider\/#breadcrumb\",\"itemListElement\":[{\"@type\":\"ListItem\",\"position\":1,\"name\":\"Hjem\",\"item\":\"https:\/\/tyrving.idrett.no\/10\/f\/\"},{\"@type\":\"ListItem\",\"position\":2,\"name\":\"Treningstider\"}]},{\"@type\":\"WebSite\",\"@id\":\"https:\/\/tyrving.idrett.no\/10\/f\/#website\",\"url\":\"https:\/\/tyrving.idrett.no\/10\/f\/\",\"name\":\"Tyrving - Friidrett\",\"description\":\"Friidrettsgruppa\",\"publisher\":{\"@id\":\"https:\/\/tyrving.idrett.no\/10\/f\/#organization\"},\"potentialAction\":[{\"@type\":\"SearchAction\",\"target\":{\"@type\":\"EntryPoint\",\"urlTemplate\":\"https:\/\/tyrving.idrett.no\/10\/f\/?s={search_term_string}\"},\"query-input\":\"required name=search_term_string\"}],\"inLanguage\":\"nb-NO\"},{\"@type\":\"Organization\",\"@id\":\"https:\/\/tyrving.idrett.no\/10\/f\/#organization\",\"name\":\"Tyrving Friidrettsgruppa\",\"url\":\"https:\/\/tyrving.idrett.no\/10\/f\/\",\"logo\":{\"@type\":\"ImageObject\",\"inLanguage\":\"nb-NO\",\"@id\":\"https:\/\/tyrving.idrett.no\/10\/f\/#\/schema\/logo\/image\/\",\"url\":\"https:\/\/tyrving.idrett.no\/10\/f\/files\/2019\/04\/Tyrving-Logo-Friidrett-2019.jpg\",\"contentUrl\":\"https:\/\/tyrving.idrett.no\/10\/f\/files\/2019\/04\/Tyrving-Logo-Friidrett-2019.jpg\",\"width\":460,\"height\":360,\"caption\":\"Tyrving Friidrettsgruppa\"},\"image\":{\"@id\":\"https:\/\/tyrving.idrett.no\/10\/f\/#\/schema\/logo\/image\/\"}}]}<\/script>\n<!-- \/ Yoast SEO plugin. -->","yoast_head_json":{"title":"Treningstider - Tyrving - Friidrett","robots":{"index":"index","follow":"follow","max-snippet":"max-snippet:-1","max-image-preview":"max-image-preview:large","max-video-preview":"max-video-preview:-1"},"canonical":"https:\/\/tyrving.idrett.no\/10\/f\/treningstider\/","og_locale":"nb_NO","og_type":"article","og_title":"Treningstider - Tyrving - Friidrett","og_description":"Fra og med mandag 19. april vil Tyrving-treningene v\u00e6re p\u00e5 og rundt Nadderud Stadion &#8211; hvis ikke annen beskjed blir gitt.\u00a0 Ved sp\u00f8rsm\u00e5l om treningstider, grupper etc. send mail til friidrett@tyr...","og_url":"https:\/\/tyrving.idrett.no\/10\/f\/treningstider\/","og_site_name":"Tyrving - Friidrett","article_modified_time":"2021-12-18T14:13:34+00:00","twitter_card":"summary_large_image","twitter_misc":{"Ansl. lesetid":"1 minutt"},"schema":{"@context":"https:\/\/schema.org","@graph":[{"@type":"WebPage","@id":"https:\/\/tyrving.idrett.no\/10\/f\/treningstider\/","url":"https:\/\/tyrving.idrett.no\/10\/f\/treningstider\/","name":"Treningstider - Tyrving - Friidrett","isPartOf":{"@id":"https:\/\/tyrving.idrett.no\/10\/f\/#website"},"datePublished":"2010-04-05T06:55:39+00:00","dateModified":"2021-12-18T14:13:34+00:00","breadcrumb":{"@id":"https:\/\/tyrving.idrett.no\/10\/f\/treningstider\/#breadcrumb"},"inLanguage":"nb-NO","potentialAction":[{"@type":"ReadAction","target":["https:\/\/tyrving.idrett.no\/10\/f\/treningstider\/"]}]},{"@type":"BreadcrumbList","@id":"https:\/\/tyrving.idrett.no\/10\/f\/treningstider\/#breadcrumb","itemListElement":[{"@type":"ListItem","position":1,"name":"Hjem","item":"https:\/\/tyrving.idrett.no\/10\/f\/"},{"@type":"ListItem","position":2,"name":"Treningstider"}]},{"@type":"WebSite","@id":"https:\/\/tyrving.idrett.no\/10\/f\/#website","url":"https:\/\/tyrving.idrett.no\/10\/f\/","name":"Tyrving - Friidrett","description":"Friidrettsgruppa","publisher":{"@id":"https:\/\/tyrving.idrett.no\/10\/f\/#organization"},"potentialAction":[{"@type":"SearchAction","target":{"@type":"EntryPoint","urlTemplate":"https:\/\/tyrving.idrett.no\/10\/f\/?s={search_term_string}"},"query-input":"required name=search_term_string"}],"inLanguage":"nb-NO"},{"@type":"Organization","@id":"https:\/\/tyrving.idrett.no\/10\/f\/#organization","name":"Tyrving Friidrettsgruppa","url":"https:\/\/tyrving.idrett.no\/10\/f\/","logo":{"@type":"ImageObject","inLanguage":"nb-NO","@id":"https:\/\/tyrving.idrett.no\/10\/f\/#\/schema\/logo\/image\/","url":"https:\/\/tyrving.idrett.no\/10\/f\/files\/2019\/04\/Tyrving-Logo-Friidrett-2019.jpg","contentUrl":"https:\/\/tyrving.idrett.no\/10\/f\/files\/2019\/04\/Tyrving-Logo-Friidrett-2019.jpg","width":460,"height":360,"caption":"Tyrving Friidrettsgruppa"},"image":{"@id":"https:\/\/tyrving.idrett.no\/10\/f\/#\/schema\/logo\/image\/"}}]}},"jetpack_sharing_enabled":true,"_links":{"self":[{"href":"https:\/\/tyrving.idrett.no\/10\/f\/wp-json\/wp\/v2\/pages\/33"}],"collection":[{"href":"https:\/\/tyrving.idrett.no\/10\/f\/wp-json\/wp\/v2\/pages"}],"about":[{"href":"https:\/\/tyrving.idrett.no\/10\/f\/wp-json\/wp\/v2\/types\/page"}],"author":[{"embeddable":true,"href":"https:\/\/tyrving.idrett.no\/10\/f\/wp-json\/wp\/v2\/users\/2"}],"replies":[{"embeddable":true,"href":"https:\/\/tyrving.idrett.no\/10\/f\/wp-json\/wp\/v2\/comments?post=33"}],"version-history":[{"count":122,"href":"https:\/\/tyrving.idrett.no\/10\/f\/wp-json\/wp\/v2\/pages\/33\/revisions"}],"predecessor-version":[{"id":20304,"href":"https:\/\/tyrving.idrett.no\/10\/f\/wp-json\/wp\/v2\/pages\/33\/revisions\/20304"}],"wp:attachment":[{"href":"https:\/\/tyrving.idrett.no\/10\/f\/wp-json\/wp\/v2\/media?parent=33"}],"wp:term":[{"taxonomy":"category","embeddable":true,"href":"https:\/\/tyrving.idrett.no\/10\/f\/wp-json\/wp\/v2\/categories?post=33"},{"taxonomy":"post_tag","embeddable":true,"href":"https:\/\/tyrving.idrett.no\/10\/f\/wp-json\/wp\/v2\/tags?post=33"}],"curies":[{"name":"wp","href":"https:\/\/api.w.org\/{rel}","templated":true}]}}