{"id":5435,"date":"2022-12-26T17:47:53","date_gmt":"2022-12-26T16:47:53","guid":{"rendered":"https:\/\/tyrving.idrett.no\/10\/o\/?page_id=5435"},"modified":"2026-03-22T13:10:53","modified_gmt":"2026-03-22T12:10:53","slug":"junior-senior","status":"publish","type":"page","link":"https:\/\/tyrving.idrett.no\/10\/o\/junior-senior\/","title":{"rendered":"Junior\/Senior"},"content":{"rendered":"<table style=\"height: 102px;\" width=\"348\">\n<tbody>\n<tr>\n<td colspan=\"2\" width=\"604\">\n<p style=\"text-align: center;\">Verdensklasse<\/p>\n<\/td>\n<\/tr>\n<tr>\n<td width=\"302\">\n<p style=\"text-align: center;\">Siste steget<\/p>\n<\/td>\n<td width=\"302\">\n<p style=\"text-align: center;\">Stafett<\/p>\n<\/td>\n<\/tr>\n<tr>\n<td colspan=\"2\" width=\"604\">\n<p style=\"text-align: center;\">Junior<\/p>\n<\/td>\n<\/tr>\n<\/tbody>\n<\/table>\n<h4><strong>ORGANISERING<\/strong><\/h4>\n<p>TET l\u00f8pere er fordelt p\u00e5 4 grupper i forhold til niv\u00e5 og ambisjoner.<\/p>\n<h5><strong>Verdensklasse<\/strong><\/h5>\n<p>Definisjon: Ut\u00f8vere som har individuelle ambisjon og har sportslig har bekreftet et niv\u00e5 hvor internasjonale medaljer er innen n\u00e6r rekkevidde. Ut\u00f8vere som kan besitte helt avgj\u00f8rende roller i v\u00e5re stafett-lag vil ogs\u00e5 kunne inng\u00e5 her.<\/p>\n<h5><strong>Siste steget<\/strong><\/h5>\n<p>Definisjon: Ut\u00f8vere som har individuelle ambisjoner og et sportslig som har bekreftet et niv\u00e5 hvor de over tid kan v\u00e6re i stand til \u00e5 prestere i verdensklasse. Ut\u00f8vere i denne gruppe har ogs\u00e5 en naturlig rolle inn mot stafett-lag.<\/p>\n<h5><strong>Stafett<\/strong><\/h5>\n<p>Definisjon: Ut\u00f8vere som har ambisjon og har sportslig har bekreftet et niv\u00e5 hvor de kan v\u00e6re aktuelle f\u00f8r v\u00e5re f\u00f8rstelag i de prioriterte stafetter.<\/p>\n<h5><strong>Junior<\/strong><\/h5>\n<p>Definisjon: Junior ut\u00f8vere som har individuelle ambisjoner hvor de \u00f8nsker \u00e5 utvikle seg og bli s\u00e5 bra som mulig.<\/p>\n<h4><strong>M\u00c5L<\/strong><\/h4>\n<ul>\n<li>Tyrving skal v\u00e6re en ledende stafettklubb.<\/li>\n<li>Tyrving skal v\u00e6re en attraktiv klubb for l\u00f8pere med store individuelle ambisjoner.<\/li>\n<li>Tyrving skal fremst\u00e5 som en ledende norsk klubb (mange deltakere i NM\/NC, mange lag i alle stafetter og et trenings og samlingstilbud av h\u00f8yeste kvalitet).<\/li>\n<li>Tyrving skal jevnlig lykkes med \u00e5 ha l\u00f8pere fra B\u00e6rum g\u00e5r graden fra ungdom til f\u00f8rstelagsl\u00f8per.<\/li>\n<\/ul>\n<h4><strong>STRATEGI<\/strong><\/h4>\n<ul>\n<li>Omfattende og utviklende treningsmilj\u00f8 i Sandvika, ledet av kvalifiserte trenere. Skal dekke b\u00e5de individuelt, stafett, bredde og ungdom.<\/li>\n<li>Personlig oppf\u00f8lgning fra kvalifiserte trenere mot alders gruppen 13-39 \u00e5r.<\/li>\n<li>Profesjonalisering &#8211; betyr ansatt trener, dedikerte forberedelser til viktige l\u00f8p\/stafetter, profesjonell logistikk og oppf\u00f8lging p\u00e5 store stafetter (bra boende, god organisering\/oppf\u00f8lging p\u00e5 arena, st\u00f8tte til alle funksjoner som ikke er ren o-l\u00f8ping).<\/li>\n<li>Tilby gode kontrakter som gj\u00f8r det enklere for gode l\u00f8pere \u00e5 prioritere satsing\/deltakelse p\u00e5 prioriterte stafetter \/ konkurranser.<\/li>\n<\/ul>\n<p>&nbsp;<\/p>\n","protected":false},"excerpt":{"rendered":"<p>&#8230;<\/p>\n","protected":false},"author":40,"featured_media":0,"parent":0,"menu_order":0,"comment_status":"closed","ping_status":"closed","template":"","meta":{"footnotes":""},"jetpack_sharing_enabled":true,"_links":{"self":[{"href":"https:\/\/tyrving.idrett.no\/10\/o\/wp-json\/wp\/v2\/pages\/5435"}],"collection":[{"href":"https:\/\/tyrving.idrett.no\/10\/o\/wp-json\/wp\/v2\/pages"}],"about":[{"href":"https:\/\/tyrving.idrett.no\/10\/o\/wp-json\/wp\/v2\/types\/page"}],"author":[{"embeddable":true,"href":"https:\/\/tyrving.idrett.no\/10\/o\/wp-json\/wp\/v2\/users\/40"}],"replies":[{"embeddable":true,"href":"https:\/\/tyrving.idrett.no\/10\/o\/wp-json\/wp\/v2\/comments?post=5435"}],"version-history":[{"count":7,"href":"https:\/\/tyrving.idrett.no\/10\/o\/wp-json\/wp\/v2\/pages\/5435\/revisions"}],"predecessor-version":[{"id":5517,"href":"https:\/\/tyrving.idrett.no\/10\/o\/wp-json\/wp\/v2\/pages\/5435\/revisions\/5517"}],"wp:attachment":[{"href":"https:\/\/tyrving.idrett.no\/10\/o\/wp-json\/wp\/v2\/media?parent=5435"}],"curies":[{"name":"wp","href":"https:\/\/api.w.org\/{rel}","templated":true}]}}