{"id":968,"date":"2011-04-28T12:07:20","date_gmt":"2011-04-28T11:07:20","guid":{"rendered":"http:\/\/tyrving.idrett.no\/10\/o\/"},"modified":"2026-03-22T13:10:53","modified_gmt":"2026-03-22T12:10:53","slug":"o-ung","status":"publish","type":"page","link":"https:\/\/tyrving.idrett.no\/10\/o\/barn-ungdom\/o-ung\/","title":{"rendered":"o-Ung (13-16)"},"content":{"rendered":"<p><b>Tyrving har en meget aktiv ungdomsgruppe.<\/b><\/p>\n<p><span style=\"font-weight: 400\">Vi trener og konkurrerer stort sett hele \u00e5ret rundt, s\u00e5 det er alltid en ny morsom utfordring rundt hj\u00f8rnet. P\u00e5 trening ligger vi opp til morsomme \u00f8kter og det sosiale st\u00e5r sentralt. P\u00e5 trening er det alltid en ansatt trener p\u00e5 plass til \u00e5 hjelpe. Om vinteren har vi mest fokus p\u00e5 fysisk trening, men p\u00e5 sommeren er det stort sett orientering trening vi driver med.<a href=\"https:\/\/tyrving.idrett.no\/10\/o\/files\/2023\/02\/Bilde1.png\"><img decoding=\"async\" loading=\"lazy\" class=\"size-large wp-image-5934 aligncenter\" src=\"https:\/\/tyrving.idrett.no\/10\/o\/files\/2026\/02\/O-Ung-2025-1024x576.jpg\" alt=\"\" width=\"1024\" height=\"576\" srcset=\"https:\/\/tyrving.idrett.no\/10\/o\/files\/2026\/02\/O-Ung-2025-1024x576.jpg 1024w, https:\/\/tyrving.idrett.no\/10\/o\/files\/2026\/02\/O-Ung-2025-300x169.jpg 300w, https:\/\/tyrving.idrett.no\/10\/o\/files\/2026\/02\/O-Ung-2025-150x84.jpg 150w, https:\/\/tyrving.idrett.no\/10\/o\/files\/2026\/02\/O-Ung-2025-768x432.jpg 768w, https:\/\/tyrving.idrett.no\/10\/o\/files\/2026\/02\/O-Ung-2025-600x338.jpg 600w, https:\/\/tyrving.idrett.no\/10\/o\/files\/2026\/02\/O-Ung-2025.jpg 1280w\" sizes=\"(max-width: 1024px) 100vw, 1024px\" \/><\/a><\/span><\/p>\n<p><b>Treningstilbud vinter:<\/b><\/p>\n<p>Tirsdager kl. 18:00:<\/p>\n<p>Intervaller fra klubbhuset p\u00e5 Kadettangen. Styrketrening innend\u00f8rs<br \/>\netterp\u00e5. Det tilbys middag etterp\u00e5 hver 14. dag.<\/p>\n<p>Torsdager (annenhver) kl. 18:00: Vintergate-O i samarbeid med Fossum og Asker.<\/p>\n<p>Fredager kl. 16:30:<\/p>\n<p>Trening i B\u00e6rum Idrettspark \u2013 med individuell oppvarming, styrke,<br \/>\nl\u00f8pstekniske \u00f8velser og korte intervaller.<\/p>\n<p><span style=\"font-weight: 400\"><a href=\"https:\/\/tyrving.idrett.no\/10\/o\/files\/2023\/02\/Bilde2.png\"><img decoding=\"async\" loading=\"lazy\" class=\"aligncenter wp-image-5525\" src=\"https:\/\/tyrving.idrett.no\/10\/o\/files\/2023\/02\/Bilde2.png\" alt=\"\" width=\"466\" height=\"350\" srcset=\"https:\/\/tyrving.idrett.no\/10\/o\/files\/2023\/02\/Bilde2.png 591w, https:\/\/tyrving.idrett.no\/10\/o\/files\/2023\/02\/Bilde2-300x225.png 300w, https:\/\/tyrving.idrett.no\/10\/o\/files\/2023\/02\/Bilde2-150x112.png 150w\" sizes=\"(max-width: 466px) 100vw, 466px\" \/><\/a><\/span><\/p>\n<p><b>Treningstilbud sommer:<\/b><\/p>\n<p><span style=\"font-weight: 400\">Tyrvings prim\u00e6re treningsdager i sommerhalv\u00e5ret tirsdag og torsdag og her er det som oftest et tilbud om orienteringsteknisk trening\/konkurranse i n\u00e6romr\u00e5det.<\/span><\/p>\n<p><span style=\"font-weight: 400\">Tirsdager (flex dagen):<\/span> <span style=\"font-weight: 400\">I april og ut i mai vil Oslo City Cup fungere som treningstilbudet for ungdommer og veteraner, mens elitel\u00f8pere ogs\u00e5 f\u00e5r tilbud om o-intervaller p\u00e5 noen utvalgte tirsdager. Fra 16. mai blir det variert mellom o-teknikk og vanlige intervaller.<\/span><\/p>\n<p><span style=\"font-weight: 400\">Torsdager (klubbdagen):<\/span> <span style=\"font-weight: 400\">P\u00e5 torsdager vil det igjennom v\u00e5ren n\u00e6rmest uten unntak v\u00e6re et tilbud om o-teknisk trening i n\u00e6romr\u00e5det. Her vil det v\u00e6re moment-\u00f8kter i starten og fra slutten av mai og ut i juni blir det <\/span><span style=\"font-weight: 400\">Tyrving-klubb-cup <\/span><span style=\"font-weight: 400\">(mer om dette etter hvert).<\/span><\/p>\n<p><span style=\"font-weight: 400\">Helgen:<\/span> <span style=\"font-weight: 400\">I helgene anbefaler vi \u00e5 delta p\u00e5 konkurranser, men i utvalgte helger vil vi likevel tilbyde o-teknisk trening (dette vil st\u00e5 i m\u00e5neds\/og uke planene).<\/span><img decoding=\"async\" loading=\"lazy\" class=\"aligncenter wp-image-5526\" src=\"https:\/\/tyrving.idrett.no\/10\/o\/files\/2023\/02\/Bilde3.png\" alt=\"\" width=\"475\" height=\"356\" srcset=\"https:\/\/tyrving.idrett.no\/10\/o\/files\/2023\/02\/Bilde3.png 550w, https:\/\/tyrving.idrett.no\/10\/o\/files\/2023\/02\/Bilde3-300x225.png 300w, https:\/\/tyrving.idrett.no\/10\/o\/files\/2023\/02\/Bilde3-150x112.png 150w\" sizes=\"(max-width: 475px) 100vw, 475px\" \/><\/p>\n<p><strong>Aktiviteter 2026<\/strong><\/p>\n<ul>\n<li>5.-8. mars: Nordjysk 2-dagers (Danmark)<\/li>\n<li>10. &#8211; 12. april: Camp Daft\u00f6, med AOOK<\/li>\n<li>Fredag 18. april: Halden O-meeting ungdomsstafett; D13-16 &amp; H13-16<\/li>\n<li>1. \u2013 3. mai: 10-Mila, Stockholm<\/li>\n<li>Torsdag 14. mai: Kvistkvaset, \u00c5s<\/li>\n<li>L\u00f8rdag 6. juni: 15. stafetten, Oppsal<\/li>\n<li>19. \u2013 21. juni: O-festivalen, Trondheim<\/li>\n<li>1. &#8211; 5. august: Hovedl\u00f8pet &amp; O-landsleir<\/li>\n<li>18. &#8211; 20. september: O-Idol 6 NM jr. stafett<\/li>\n<li>9. &#8211; 11. oktober: 25-Manna<\/li>\n<li>November: O-Event Bor\u00e5s<\/li>\n<\/ul>\n<p><b>Trenere og St\u00f8tteapparat:<\/b><\/p>\n<p><span style=\"font-weight: 400\">Hovedtrener: Kenneth Buch<\/span><\/p>\n<p><span style=\"font-weight: 400\">Assistenttrener. Emil Ahlb\u00e4ck<\/span><\/p>\n<p><span style=\"font-weight: 400\">Ambassad\u00f8rer: Solveig Fosse Egeberg og Kaja Tiltnes<\/span><\/p>\n<p><b><i>\u00d8nsker du \u00e5 trene med Tyrving, eller nysgjerrig p\u00e5 om dette er noe for deg?\u00a0<\/i><\/b><\/p>\n<p><b><i>Ta kontakt med hovedtrener Kenneth Buch (412 82\u00a0829 kenneth@tyrving.no) for en hyggelig prat.<\/i><\/b><\/p>\n<p>&nbsp;<\/p>\n","protected":false},"excerpt":{"rendered":"<p>&#8230;<\/p>\n","protected":false},"author":3,"featured_media":0,"parent":5446,"menu_order":0,"comment_status":"closed","ping_status":"open","template":"","meta":{"footnotes":""},"jetpack_sharing_enabled":true,"_links":{"self":[{"href":"https:\/\/tyrving.idrett.no\/10\/o\/wp-json\/wp\/v2\/pages\/968"}],"collection":[{"href":"https:\/\/tyrving.idrett.no\/10\/o\/wp-json\/wp\/v2\/pages"}],"about":[{"href":"https:\/\/tyrving.idrett.no\/10\/o\/wp-json\/wp\/v2\/types\/page"}],"author":[{"embeddable":true,"href":"https:\/\/tyrving.idrett.no\/10\/o\/wp-json\/wp\/v2\/users\/3"}],"replies":[{"embeddable":true,"href":"https:\/\/tyrving.idrett.no\/10\/o\/wp-json\/wp\/v2\/comments?post=968"}],"version-history":[{"count":51,"href":"https:\/\/tyrving.idrett.no\/10\/o\/wp-json\/wp\/v2\/pages\/968\/revisions"}],"predecessor-version":[{"id":5936,"href":"https:\/\/tyrving.idrett.no\/10\/o\/wp-json\/wp\/v2\/pages\/968\/revisions\/5936"}],"up":[{"embeddable":true,"href":"https:\/\/tyrving.idrett.no\/10\/o\/wp-json\/wp\/v2\/pages\/5446"}],"wp:attachment":[{"href":"https:\/\/tyrving.idrett.no\/10\/o\/wp-json\/wp\/v2\/media?parent=968"}],"curies":[{"name":"wp","href":"https:\/\/api.w.org\/{rel}","templated":true}]}}