{"id":126,"date":"2013-03-15T16:03:29","date_gmt":"2013-03-15T15:03:29","guid":{"rendered":"http:\/\/tyrving.idrett.no\/10\/tl2014\/?page_id=126"},"modified":"2015-12-17T11:02:58","modified_gmt":"2015-12-17T10:02:58","slug":"pers-vinner","status":"publish","type":"page","link":"https:\/\/tyrving.idrett.no\/10\/tl2016inne\/resultater\/pers-vinner\/","title":{"rendered":"Pers-vinner"},"content":{"rendered":"<p>I friidrett kan alle vinne, samtidig. For ny &laquo;pers&raquo; er en seier, enten det er en centimeter, en hundredel eller mer. Det viser at du blir enda bedre. Det gir motivasjon til \u00e5 fortsette \u00e5 trene og konkurrere.<\/p>\n<p>Alle som setter ny pers under Thon Hotels\u00a0Tyrvinglekene blir med i trekningen av flotte premier.\u00a0Vi trekker 2 vinnere 2 ganger hver dag.<\/p>\n<p>Setter du ny personlig rekord i kast, hopp eller l\u00f8p m\u00e5 du g\u00e5 til\u00a0<em>Pers-vinner-b\u00f8tta &#8211; <\/em>i startnummerutdelingen. Der f\u00e5r du et ark hvor\u00a0du skal skrive ditt navn, klubb, f\u00f8dsels\u00e5r, \u00f8velse, samt ny og gammel pers.<\/p>\n<p>Alle arkene vil bli kr\u00f8llet sammen og lagt i en stor b\u00f8tte. Hvis mange perser blir dette et h\u00f8yt t\u00e5rn. Bli med p\u00e5 \u00e5 bygge Norges h\u00f8yeste pers-t\u00e5rn!<\/p>\n<p>&nbsp;<\/p>\n","protected":false},"excerpt":{"rendered":"<p>I friidrett kan alle vinne, samtidig. For ny &laquo;pers&raquo; er en seier, enten det er en centimeter, en hundredel eller mer. Det viser at du blir enda bedre. Det gir motivasjon til \u00e5 fortsette \u00e5 trene og konkurrere. Alle som setter ny pers under Thon Hotels\u00a0Tyrvinglekene blir med i trekningen [&hellip;]<\/p>\n","protected":false},"author":19,"featured_media":0,"parent":43,"menu_order":0,"comment_status":"open","ping_status":"open","template":"","meta":{"footnotes":""},"_links":{"self":[{"href":"https:\/\/tyrving.idrett.no\/10\/tl2016inne\/wp-json\/wp\/v2\/pages\/126"}],"collection":[{"href":"https:\/\/tyrving.idrett.no\/10\/tl2016inne\/wp-json\/wp\/v2\/pages"}],"about":[{"href":"https:\/\/tyrving.idrett.no\/10\/tl2016inne\/wp-json\/wp\/v2\/types\/page"}],"author":[{"embeddable":true,"href":"https:\/\/tyrving.idrett.no\/10\/tl2016inne\/wp-json\/wp\/v2\/users\/19"}],"replies":[{"embeddable":true,"href":"https:\/\/tyrving.idrett.no\/10\/tl2016inne\/wp-json\/wp\/v2\/comments?post=126"}],"version-history":[{"count":11,"href":"https:\/\/tyrving.idrett.no\/10\/tl2016inne\/wp-json\/wp\/v2\/pages\/126\/revisions"}],"predecessor-version":[{"id":1007,"href":"https:\/\/tyrving.idrett.no\/10\/tl2016inne\/wp-json\/wp\/v2\/pages\/126\/revisions\/1007"}],"up":[{"embeddable":true,"href":"https:\/\/tyrving.idrett.no\/10\/tl2016inne\/wp-json\/wp\/v2\/pages\/43"}],"wp:attachment":[{"href":"https:\/\/tyrving.idrett.no\/10\/tl2016inne\/wp-json\/wp\/v2\/media?parent=126"}],"curies":[{"name":"wp","href":"https:\/\/api.w.org\/{rel}","templated":true}]}}