{"id":15,"date":"2013-03-12T08:33:15","date_gmt":"2013-03-12T07:33:15","guid":{"rendered":"http:\/\/tyrving.idrett.no\/10\/tl2014\/?page_id=15"},"modified":"2015-12-22T10:21:35","modified_gmt":"2015-12-22T09:21:35","slug":"pamelding","status":"publish","type":"page","link":"https:\/\/tyrving.idrett.no\/10\/tl2016inne\/informasjom\/pamelding\/","title":{"rendered":"P\u00e5melding"},"content":{"rendered":"<p><span style=\"color: #0000ff\"><strong>til ordin\u00e6r startkontingent m\u00e5 gj\u00f8res innen 27. januar.<\/strong><\/span><\/p>\n<p>P\u00e5meldingene gj\u00f8res slik:<\/p>\n<ul>\n<li>Via Sportsadmin el. minidrett.no<\/li>\n<li>Send en mail til <a href=\"mailto:friidrett@tyrving.no\" target=\"_blank\">friidrett@tyrving.no<\/a> hvis det er noen sp\u00f8rsm\u00e5l.<\/li>\n<\/ul>\n<p><a href=\"http:\/\/tyrving.idrett.no\/10\/tl2016inne\/files\/2014\/05\/Thon_Hotel_Oslofjord_4f-1.jpg\"><img decoding=\"async\" loading=\"lazy\" class=\"wp-image-699 size-medium alignleft\" src=\"http:\/\/tyrving.idrett.no\/10\/tl2016inne\/files\/2014\/05\/Thon_Hotel_Oslofjord_4f-1-300x134.jpg\" alt=\"Thon_Hotel_Oslofjord_4f (1)\" width=\"300\" height=\"134\" srcset=\"https:\/\/tyrving.idrett.no\/10\/tl2016inne\/files\/2014\/05\/Thon_Hotel_Oslofjord_4f-1-300x134.jpg 300w, https:\/\/tyrving.idrett.no\/10\/tl2016inne\/files\/2014\/05\/Thon_Hotel_Oslofjord_4f-1-1024x457.jpg 1024w, https:\/\/tyrving.idrett.no\/10\/tl2016inne\/files\/2014\/05\/Thon_Hotel_Oslofjord_4f-1-600x268.jpg 600w\" sizes=\"(max-width: 300px) 100vw, 300px\" \/><\/a><\/p>\n<p>&nbsp;<\/p>\n","protected":false},"excerpt":{"rendered":"<p>til ordin\u00e6r startkontingent m\u00e5 gj\u00f8res innen 27. januar. P\u00e5meldingene gj\u00f8res slik: Via Sportsadmin el. minidrett.no Send en mail til friidrett@tyrving.no hvis det er noen sp\u00f8rsm\u00e5l. &nbsp;<\/p>\n","protected":false},"author":2,"featured_media":0,"parent":1119,"menu_order":0,"comment_status":"open","ping_status":"open","template":"","meta":{"footnotes":""},"_links":{"self":[{"href":"https:\/\/tyrving.idrett.no\/10\/tl2016inne\/wp-json\/wp\/v2\/pages\/15"}],"collection":[{"href":"https:\/\/tyrving.idrett.no\/10\/tl2016inne\/wp-json\/wp\/v2\/pages"}],"about":[{"href":"https:\/\/tyrving.idrett.no\/10\/tl2016inne\/wp-json\/wp\/v2\/types\/page"}],"author":[{"embeddable":true,"href":"https:\/\/tyrving.idrett.no\/10\/tl2016inne\/wp-json\/wp\/v2\/users\/2"}],"replies":[{"embeddable":true,"href":"https:\/\/tyrving.idrett.no\/10\/tl2016inne\/wp-json\/wp\/v2\/comments?post=15"}],"version-history":[{"count":26,"href":"https:\/\/tyrving.idrett.no\/10\/tl2016inne\/wp-json\/wp\/v2\/pages\/15\/revisions"}],"predecessor-version":[{"id":1202,"href":"https:\/\/tyrving.idrett.no\/10\/tl2016inne\/wp-json\/wp\/v2\/pages\/15\/revisions\/1202"}],"up":[{"embeddable":true,"href":"https:\/\/tyrving.idrett.no\/10\/tl2016inne\/wp-json\/wp\/v2\/pages\/1119"}],"wp:attachment":[{"href":"https:\/\/tyrving.idrett.no\/10\/tl2016inne\/wp-json\/wp\/v2\/media?parent=15"}],"curies":[{"name":"wp","href":"https:\/\/api.w.org\/{rel}","templated":true}]}}