{"id":51,"date":"2015-04-19T20:09:31","date_gmt":"2015-04-19T18:09:31","guid":{"rendered":"http:\/\/tyrving.idrett.no\/10\/tl2014\/?page_id=51"},"modified":"2015-12-15T16:33:22","modified_gmt":"2015-12-15T15:33:22","slug":"premiering","status":"publish","type":"page","link":"https:\/\/tyrving.idrett.no\/10\/tl2016inne\/informasjom\/premiering\/","title":{"rendered":"Premiering"},"content":{"rendered":"<p><span style=\"color: #000000\"><strong>PERS-VINNER:<\/strong><\/span><\/p>\n<ul>\n<li>Alle som setter ny pers under Thon Hotels\u00a0Tyrvinglekene blir med i trekningen av flotte premier.\u00a0Vi trekker 2 vinnere 2 ganger hver dag. Les mer<strong> <span style=\"color: #ff0000\"><a href=\"http:\/\/tyrving.idrett.no\/10\/tl2016inne\/pers-vinner\/\" target=\"_blank\"><span style=\"color: #ff0000\">HER<\/span><\/a><\/span>.<\/strong><\/li>\n<\/ul>\n<p><b>FOR 10 \u00c5R:<\/b><\/p>\n<ul>\n<li>Deltakerpremie for hver dag deles ut i startnummerutdelingen. Alfabetisk resultatliste.<\/li>\n<\/ul>\n<p><b>FOR 11-12 \u00c5R:<\/b><\/p>\n<ul>\n<li>Deltakerpremie for hver dag deles ut i startnummerutdelingen. De tre beste i hver \u00f8velse vil i tillegg f\u00e5 medaljer utlevert p\u00e5 seierspallen.<\/li>\n<\/ul>\n<p><b>FRA 13 \u00c5R:<\/b><\/p>\n<ul>\n<li>1\/3 premiering, men min. 3 og max 8 premier i hver enkelt\u00f8velse.<\/li>\n<li>Ut\u00f8vere som setter norske aldersrekorder premieres.<\/li>\n<\/ul>\n<p>&nbsp;<\/p>\n<p>&nbsp;<\/p>\n","protected":false},"excerpt":{"rendered":"<p>PERS-VINNER: Alle som setter ny pers under Thon Hotels\u00a0Tyrvinglekene blir med i trekningen av flotte premier.\u00a0Vi trekker 2 vinnere 2 ganger hver dag. Les mer HER. FOR 10 \u00c5R: Deltakerpremie for hver dag deles ut i startnummerutdelingen. Alfabetisk resultatliste. FOR 11-12 \u00c5R: Deltakerpremie for hver dag deles ut i startnummerutdelingen. [&hellip;]<\/p>\n","protected":false},"author":20,"featured_media":0,"parent":1119,"menu_order":3,"comment_status":"open","ping_status":"open","template":"","meta":{"footnotes":""},"_links":{"self":[{"href":"https:\/\/tyrving.idrett.no\/10\/tl2016inne\/wp-json\/wp\/v2\/pages\/51"}],"collection":[{"href":"https:\/\/tyrving.idrett.no\/10\/tl2016inne\/wp-json\/wp\/v2\/pages"}],"about":[{"href":"https:\/\/tyrving.idrett.no\/10\/tl2016inne\/wp-json\/wp\/v2\/types\/page"}],"author":[{"embeddable":true,"href":"https:\/\/tyrving.idrett.no\/10\/tl2016inne\/wp-json\/wp\/v2\/users\/20"}],"replies":[{"embeddable":true,"href":"https:\/\/tyrving.idrett.no\/10\/tl2016inne\/wp-json\/wp\/v2\/comments?post=51"}],"version-history":[{"count":8,"href":"https:\/\/tyrving.idrett.no\/10\/tl2016inne\/wp-json\/wp\/v2\/pages\/51\/revisions"}],"predecessor-version":[{"id":996,"href":"https:\/\/tyrving.idrett.no\/10\/tl2016inne\/wp-json\/wp\/v2\/pages\/51\/revisions\/996"}],"up":[{"embeddable":true,"href":"https:\/\/tyrving.idrett.no\/10\/tl2016inne\/wp-json\/wp\/v2\/pages\/1119"}],"wp:attachment":[{"href":"https:\/\/tyrving.idrett.no\/10\/tl2016inne\/wp-json\/wp\/v2\/media?parent=51"}],"curies":[{"name":"wp","href":"https:\/\/api.w.org\/{rel}","templated":true}]}}