{"id":1682,"date":"2018-12-18T09:35:44","date_gmt":"2018-12-18T08:35:44","guid":{"rendered":"http:\/\/tyrving.idrett.no\/10\/tlinne\/?page_id=1682"},"modified":"2018-12-18T09:35:44","modified_gmt":"2018-12-18T08:35:44","slug":"kiosk","status":"publish","type":"page","link":"https:\/\/tyrving.idrett.no\/10\/tlinne\/kiosk\/","title":{"rendered":"Kiosk"},"content":{"rendered":"<p><strong><span style=\"color: #000000;font-family: Calibri\">Kiosken \u2013 noe for enhver smak<\/span><\/strong><\/p>\n<p><span style=\"color: #000000;font-family: Calibri\">B\u00e5de ut\u00f8vere, trenere og supportere trenger p\u00e5fyll. Tyrvingkiosken tilbyr: <\/span><\/p>\n<ul>\n<li><span style=\"color: #000000;font-family: Calibri\">\u00a0<\/span><span style=\"color: #000000;font-family: Calibri\">Baguetter, knekkebr\u00f8d, frukt og n\u00f8tter<\/span><\/li>\n<li><span style=\"color: #000000;font-family: Calibri\">Smoothie, vann og brus<\/span><\/li>\n<li><span style=\"color: #000000;font-family: Calibri\">Vafler, p\u00f8lser, kaker og kaffe<\/span><\/li>\n<\/ul>\n<p><strong><span style=\"color: #000000;font-family: Calibri\">\u00a0<\/span><span style=\"color: #000000;font-family: Calibri\">Velkommen til Tyrvingkiosken for p\u00e5fyll gjennom hele stevnehelgen!<\/span><\/strong><\/p>\n<p><a href=\"http:\/\/tyrving.idrett.no\/10\/tlinne\/files\/2018\/02\/Kiosk_mm.jpg\"><img decoding=\"async\" loading=\"lazy\" class=\"alignnone wp-image-1685\" src=\"http:\/\/tyrving.idrett.no\/10\/tlinne\/files\/2018\/02\/Kiosk_mm-1024x683.jpg\" alt=\"\" width=\"450\" height=\"300\" srcset=\"https:\/\/tyrving.idrett.no\/10\/tlinne\/files\/2018\/02\/Kiosk_mm-1024x683.jpg 1024w, https:\/\/tyrving.idrett.no\/10\/tlinne\/files\/2018\/02\/Kiosk_mm-300x200.jpg 300w, https:\/\/tyrving.idrett.no\/10\/tlinne\/files\/2018\/02\/Kiosk_mm-768x512.jpg 768w, https:\/\/tyrving.idrett.no\/10\/tlinne\/files\/2018\/02\/Kiosk_mm-600x400.jpg 600w\" sizes=\"(max-width: 450px) 100vw, 450px\" \/><\/a><\/p>\n<p>&nbsp;<\/p>\n<p><a href=\"http:\/\/tyrving.idrett.no\/10\/tlinne\/files\/2018\/02\/idrettsfrukt_bama.png\"><img decoding=\"async\" loading=\"lazy\" class=\"alignnone size-full wp-image-1688\" src=\"http:\/\/tyrving.idrett.no\/10\/tlinne\/files\/2018\/02\/idrettsfrukt_bama.png\" alt=\"\" width=\"225\" height=\"225\" srcset=\"https:\/\/tyrving.idrett.no\/10\/tlinne\/files\/2018\/02\/idrettsfrukt_bama.png 225w, https:\/\/tyrving.idrett.no\/10\/tlinne\/files\/2018\/02\/idrettsfrukt_bama-150x150.png 150w\" sizes=\"(max-width: 225px) 100vw, 225px\" \/><\/a><\/p>\n","protected":false},"excerpt":{"rendered":"<p>Kiosken \u2013 noe for enhver smak B\u00e5de ut\u00f8vere, trenere og supportere trenger p\u00e5fyll. Tyrvingkiosken tilbyr: \u00a0Baguetter, knekkebr\u00f8d, frukt og n\u00f8tter Smoothie, vann og brus Vafler, p\u00f8lser, kaker og kaffe \u00a0Velkommen til Tyrvingkiosken for p\u00e5fyll gjennom hele stevnehelgen! &nbsp;<\/p>\n","protected":false},"author":37,"featured_media":1685,"parent":0,"menu_order":0,"comment_status":"closed","ping_status":"closed","template":"","meta":{"footnotes":""},"_links":{"self":[{"href":"https:\/\/tyrving.idrett.no\/10\/tlinne\/wp-json\/wp\/v2\/pages\/1682"}],"collection":[{"href":"https:\/\/tyrving.idrett.no\/10\/tlinne\/wp-json\/wp\/v2\/pages"}],"about":[{"href":"https:\/\/tyrving.idrett.no\/10\/tlinne\/wp-json\/wp\/v2\/types\/page"}],"author":[{"embeddable":true,"href":"https:\/\/tyrving.idrett.no\/10\/tlinne\/wp-json\/wp\/v2\/users\/37"}],"replies":[{"embeddable":true,"href":"https:\/\/tyrving.idrett.no\/10\/tlinne\/wp-json\/wp\/v2\/comments?post=1682"}],"version-history":[{"count":7,"href":"https:\/\/tyrving.idrett.no\/10\/tlinne\/wp-json\/wp\/v2\/pages\/1682\/revisions"}],"predecessor-version":[{"id":1693,"href":"https:\/\/tyrving.idrett.no\/10\/tlinne\/wp-json\/wp\/v2\/pages\/1682\/revisions\/1693"}],"wp:featuredmedia":[{"embeddable":true,"href":"https:\/\/tyrving.idrett.no\/10\/tlinne\/wp-json\/wp\/v2\/media\/1685"}],"wp:attachment":[{"href":"https:\/\/tyrving.idrett.no\/10\/tlinne\/wp-json\/wp\/v2\/media?parent=1682"}],"curies":[{"name":"wp","href":"https:\/\/api.w.org\/{rel}","templated":true}]}}