{"id":2019,"date":"2022-02-04T14:23:29","date_gmt":"2022-02-04T13:23:29","guid":{"rendered":"https:\/\/tyrving.idrett.no\/10\/tlinne\/?page_id=2019"},"modified":"2022-02-04T14:45:42","modified_gmt":"2022-02-04T13:45:42","slug":"utoverinformasjon","status":"publish","type":"page","link":"https:\/\/tyrving.idrett.no\/10\/tlinne\/utoverinformasjon\/","title":{"rendered":"Ut\u00f8verinformasjon"},"content":{"rendered":"<p><strong>SPESIELT VIKTIG I B\u00c6RUM IDRETTSPARK<\/strong><\/p>\n<ul>\n<li>Det er\u00a0<strong><em>kun<\/em><\/strong>\u00a0tillatt \u00e5 bruke\u00a0<strong><em>innend\u00f8rspigger<\/em><\/strong>\u00a0som er butte.\u00a0 Pigger kan kj\u00f8pes i startnummerutdelingen for kr 5 pr stk.<\/li>\n<li>I friidrettshallen er det\u00a0<strong><em>kun<\/em><\/strong>\u00a0tillatt med\u00a0<strong><em>innesko<\/em><\/strong>.<\/li>\n<li>Foreldre, trenere og andre har ikke tilgang til banen, men bes se stevnet og st\u00f8tte sine ut\u00f8vere fra tribuneplass.<\/li>\n<\/ul>\n<p><strong>PARKERING\u00a0<\/strong>utenfor hallen og n\u00e6rliggende skoler.\u00a0 F\u00f8lg skilting. Pris kr 50 pr dag.<\/p>\n<p><strong>GARDEROBENE\u00a0<\/strong>er i 1. etasje.\u00a0 Tyrving kan ikke ta ansvar for det som legges igjen i garderoben.\u00a0 Pass godt p\u00e5 verdisakene!<\/p>\n<p><strong>STARTNUMMERUTDELINGEN\u00a0<\/strong>er i 2. etasje. \u00a0Startnummer deles ut til individuelt eller klubbvis.\u00a0 Startnummeret m\u00e5\u00a0<strong><em><u>ikke<\/u><\/em><\/strong>\u00a0brettes og skal brukes i alle konkurranser.<\/p>\n<p><strong>ETTERANMELDINGER\u00a0<\/strong>aksepteres mot dobbel startkontingent (kr 220)\u00a0<strong><em>dersom det er plass i \u00f8velsen<\/em><\/strong>.\u00a0 Henvendelse p\u00e5 stevnekontoret.<\/p>\n<p><strong>OPPRYKK\u00a0<\/strong>En ut\u00f8ver kan ikke starte i mer enn en klasse. Unntaket fra denne regelen er n\u00e5r \u00f8velsen ikke arrangeres i ut\u00f8verens egen klasse, men da er det en forutsetning at \u00f8velsen er tillatt for ut\u00f8vers alder. Hvis en ut\u00f8ver \u00f8nsker \u00e5 delta i en h\u00f8yere aldersklasse i \u00f8velser som finnes i hans egen klasse, m\u00e5 ut\u00f8veren delta i denne aldersklassen i alle \u00f8velser. Denne regelen gjelder ikke for hekkel\u00f8p.<\/p>\n<p><strong>OPPVARMING\u00a0<\/strong>kan foretas utend\u00f8rs, eller innend\u00f8rs i fotballhallen hvor halvparten av hallen er reservert for Tyrvinglekene.\u00a0\u00a0Det er\u00a0<strong>IKKE<\/strong>\u00a0tillatt med piggsko i Fotballhallen.<\/p>\n<p>&nbsp;<\/p>\n<p><strong>PREMIERING<\/strong><\/p>\n<p>Se under <a href=\"https:\/\/tyrving.idrett.no\/10\/tlinne\/premiering\/\">Stevneinformasjon<\/a><\/p>\n","protected":false},"excerpt":{"rendered":"<p>SPESIELT VIKTIG I B\u00c6RUM IDRETTSPARK Det er\u00a0kun\u00a0tillatt \u00e5 bruke\u00a0innend\u00f8rspigger\u00a0som er butte.\u00a0 Pigger kan kj\u00f8pes i startnummerutdelingen for kr 5 pr stk. I friidrettshallen er det\u00a0kun\u00a0tillatt med\u00a0innesko. Foreldre, trenere og andre har ikke tilgang til banen, men bes se stevnet og st\u00f8tte sine ut\u00f8vere fra tribuneplass. PARKERING\u00a0utenfor hallen og n\u00e6rliggende skoler.\u00a0 &#8230; <a title=\"Ut\u00f8verinformasjon\" class=\"read-more\" href=\"https:\/\/tyrving.idrett.no\/10\/tlinne\/utoverinformasjon\/\" aria-label=\"Mer p\u00e5 Ut\u00f8verinformasjon\">Les mer<\/a><\/p>\n","protected":false},"author":42,"featured_media":0,"parent":0,"menu_order":0,"comment_status":"closed","ping_status":"closed","template":"","meta":{"footnotes":""},"_links":{"self":[{"href":"https:\/\/tyrving.idrett.no\/10\/tlinne\/wp-json\/wp\/v2\/pages\/2019"}],"collection":[{"href":"https:\/\/tyrving.idrett.no\/10\/tlinne\/wp-json\/wp\/v2\/pages"}],"about":[{"href":"https:\/\/tyrving.idrett.no\/10\/tlinne\/wp-json\/wp\/v2\/types\/page"}],"author":[{"embeddable":true,"href":"https:\/\/tyrving.idrett.no\/10\/tlinne\/wp-json\/wp\/v2\/users\/42"}],"replies":[{"embeddable":true,"href":"https:\/\/tyrving.idrett.no\/10\/tlinne\/wp-json\/wp\/v2\/comments?post=2019"}],"version-history":[{"count":4,"href":"https:\/\/tyrving.idrett.no\/10\/tlinne\/wp-json\/wp\/v2\/pages\/2019\/revisions"}],"predecessor-version":[{"id":2061,"href":"https:\/\/tyrving.idrett.no\/10\/tlinne\/wp-json\/wp\/v2\/pages\/2019\/revisions\/2061"}],"wp:attachment":[{"href":"https:\/\/tyrving.idrett.no\/10\/tlinne\/wp-json\/wp\/v2\/media?parent=2019"}],"curies":[{"name":"wp","href":"https:\/\/api.w.org\/{rel}","templated":true}]}}